{"id":4848,"date":"2025-10-17T14:02:28","date_gmt":"2025-10-17T12:02:28","guid":{"rendered":"https:\/\/shop.kappavu.it\/KV\/?post_type=product&#038;p=4848"},"modified":"2025-10-29T18:57:37","modified_gmt":"2025-10-29T17:57:37","slug":"conseis-par-viacs","status":"publish","type":"product","link":"https:\/\/shop.kappavu.it\/KV\/prodotto\/conseis-par-viacs\/","title":{"rendered":"CONSEIS PAR VIA\u00c7S INTERSTEL\u00c2RS"},"content":{"rendered":"<h4><\/h4>\n<h4>Il viaggio poetico interstellare di Stefano Moratto ci porta a confrontarci, fuori da se stessi, anche con quello che non \u00e8 umano, e, dentro se stessi, con quello che \u00e8 il peggio dell\u2019essere umano, la violenza, che resta sempre una possibilit\u00e0. \u00c8 una violenza contemplata con profonda obiettivit\u00e0, in un equilibrio originale tra naturalit\u00e0 ed orrore, tra accettazione e rivolta, tra rabbia e rassegnazione. (Sandri Carrozzo)<\/h4>\n","protected":false},"excerpt":{"rendered":"<p>&nbsp;<\/p>\n<h4>di <strong><a href=\"http:\/\/shop.kappavu.it\/KV\/autori-mz\/#stiefin-morat\">STIEFIN MORAT<\/a><\/strong><\/h4>\n<p><strong>Il via\u00e7 poetic interstel\u00e2r di Stiefin Morat al puarte a confront\u00e2si, f\u00fbr di se stes, ancje cun ce che nol \u00e8 uman, e, dentri di se stes, cun ce che al \u00e8 il pi\u00eas dal jessi uman, v\u00e2l a d\u00ee cu la violence, che e reste simpri une pussibilit\u00e2t. E je une violence contemplade cun profonde obietivit\u00e2t, intun ecuilibri origjin\u00e2l tra naturalit\u00e2t e or\u00f4r, tra acetazion e riviel, tra rabie e rassegnazion. (Sandri Carrozzo)<\/strong><\/p>\n","protected":false},"featured_media":4849,"comment_status":"open","ping_status":"closed","template":"","meta":[],"product_brand":[],"product_cat":[25,21,27,209],"product_tag":[900,2914,2915,560,1535,1950,1951,1066,1090,1091,2918,2917,2916],"class_list":{"0":"post-4848","1":"product","2":"type-product","3":"status-publish","4":"has-post-thumbnail","6":"product_cat-discanto","7":"product_cat-friulano","8":"product_cat-poesia","9":"product_cat-stiefin-morat","10":"product_tag-discanto","11":"product_tag-poema","12":"product_tag-poema-in-friulano","13":"product_tag-poesie-in-friulano","14":"product_tag-poesiis-par-furlan","15":"product_tag-raccolta-poetica","16":"product_tag-racuelte-di-poesiis","17":"product_tag-sandri-carrozzo","18":"product_tag-stefano-moratto","19":"product_tag-stiefin-morat","20":"product_tag-viacs","21":"product_tag-viaggi","22":"product_tag-viaggio","24":"first","25":"instock","26":"shipping-taxable","27":"purchasable","28":"product-type-simple","29":"customify-col","30":"product-has-gallery"},"_links":{"self":[{"href":"https:\/\/shop.kappavu.it\/KV\/wp-json\/wp\/v2\/product\/4848","targetHints":{"allow":["GET"]}}],"collection":[{"href":"https:\/\/shop.kappavu.it\/KV\/wp-json\/wp\/v2\/product"}],"about":[{"href":"https:\/\/shop.kappavu.it\/KV\/wp-json\/wp\/v2\/types\/product"}],"replies":[{"embeddable":true,"href":"https:\/\/shop.kappavu.it\/KV\/wp-json\/wp\/v2\/comments?post=4848"}],"wp:featuredmedia":[{"embeddable":true,"href":"https:\/\/shop.kappavu.it\/KV\/wp-json\/wp\/v2\/media\/4849"}],"wp:attachment":[{"href":"https:\/\/shop.kappavu.it\/KV\/wp-json\/wp\/v2\/media?parent=4848"}],"wp:term":[{"taxonomy":"product_brand","embeddable":true,"href":"https:\/\/shop.kappavu.it\/KV\/wp-json\/wp\/v2\/product_brand?post=4848"},{"taxonomy":"product_cat","embeddable":true,"href":"https:\/\/shop.kappavu.it\/KV\/wp-json\/wp\/v2\/product_cat?post=4848"},{"taxonomy":"product_tag","embeddable":true,"href":"https:\/\/shop.kappavu.it\/KV\/wp-json\/wp\/v2\/product_tag?post=4848"}],"curies":[{"name":"wp","href":"https:\/\/api.w.org\/{rel}","templated":true}]}}

CONSEIS PAR VIAÇS INTERSTELÂRS

<h4></h4>
<h4>Il viaggio poetico interstellare di Stefano Moratto ci porta a confrontarci, fuori da se stessi, anche con quello che non è umano, e, dentro se stessi, con quello che è il peggio dell’essere umano, la violenza, che resta sempre una possibilità. È una violenza contemplata con profonda obiettività, in un equilibrio originale tra naturalità ed orrore, tra accettazione e rivolta, tra rabbia e rassegnazione. (Sandri Carrozzo)</h4>

<p>&nbsp;</p>
<h4>di <strong><a href="http://shop.kappavu.it/KV/autori-mz/#stiefin-morat">STIEFIN MORAT</a></strong></h4>
<p><strong>Il viaç poetic interstelâr di Stiefin Morat al puarte a confrontâsi, fûr di se stes, ancje cun ce che nol è uman, e, dentri di se stes, cun ce che al è il piês dal jessi uman, vâl a dî cu la violence, che e reste simpri une pussibilitât. E je une violence contemplade cun profonde obietivitât, intun ecuilibri origjinâl tra naturalitât e orôr, tra acetazion e riviel, tra rabie e rassegnazion. (Sandri Carrozzo)</strong></p>
