{"id":2107,"date":"2022-04-30T14:54:50","date_gmt":"2022-04-30T12:54:50","guid":{"rendered":"https:\/\/shop.kappavu.it\/KV\/?post_type=product&#038;p=2107"},"modified":"2022-10-21T14:40:18","modified_gmt":"2022-10-21T12:40:18","slug":"peraulis-crosadis-1","status":"publish","type":"product","link":"https:\/\/shop.kappavu.it\/KV\/prodotto\/peraulis-crosadis-1\/","title":{"rendered":"PERAULIS CROSADIS 1"},"content":{"rendered":"<h4><\/h4>\n<h4>Sal\u00fbt de Aministrazion Comun\u00e2l di Tavagn\u00e0:<\/h4>\n<h4>Ai 26 di Setembar dute Europe e celebre la Zornade europeane des lenghis e duncje ancje ch\u00eas loc\u00e2ls. Fin dal 2001 (che al \u00e8 st\u00e2t l\u2019an european des lenghis) il Consei de Europe al \u00e0 vol\u00fbt dedic\u00e2 cheste zornade di fin Setembar a chest impuartant argoment, marcant a cl\u00e2r tr\u00ea principis di fonde:<br \/>\nla Europe e je plurileng\u00e2l e lu sar\u00e0 simpri; l\u2019aprendiment des lenghis al ufr\u00ecs une oportunit\u00e2t ai citadins; ognidun al \u00e8 in st\u00e2t di f\u00e2lu.<br \/>\nIntun mont che al devente simpri plui pi\u00e7ul midiant des gnovis tecnologjiis, ancje il Vieri Continent al \u00e0 di front\u00e2 il pericul de omologazion des culturis. E propit par f\u00e2 rifleti su la impuartance di difindi la nestre lenghe e la nestre tradizion, no par sier\u00e2si tal nestri \u201ccurt\u00eel\u201d, ma te convinzion che dome valorizant il \u201cparticol\u00e2r\u201d si pues pandi une culture de integrazion tra lis identit\u00e2ts diferentis presintis in Europe e no dome, ancje il Comun di Tavagn\u00e0-Sportel pe lenghe furlane al \u00e0 vol\u00fbt realiz\u00e2 cheste publicazion par ricuard\u00e2 la Zornade europeane des lenghis dai 26 di Setembar e furn\u00ee a lis scuelis un imprest util par impar\u00e2 zuiant, come che al \u00e8 just che a fasin i fruts. Dome tacant dai plui zovins si pues garant\u00ee un avign\u00ee ae lenghe furlane che e rapresente un element identitari tra i plui impuartants de nestre comunit\u00e2t, cu la sperance che e deventi simpri di plui ancje ocasion di confront e contat tra lis tantis culturis che a vivin sul nestri teritori.<\/h4>\n<h4>Mandi di c\u00fbr.<\/h4>\n<h4>Il Sindic<br \/>\nProf. Mario Pezzetta<\/h4>\n<h4><\/h4>\n","protected":false},"excerpt":{"rendered":"<h4><span style=\"color: #800000;\"><em>&#8230; E ALTRIS Z\u00dbCS ENIGMISTICS<\/em><\/span><\/h4>\n<p>&nbsp;<\/p>\n<h4>a cura di <strong><a class=\"url fn n\" href=\"https:\/\/shop.kappavu.it\/KV\/autori-al\/#alessandra-kersevan\">ALESSANDRA KERSEVAN<\/a><\/strong><\/h4>\n<p><strong>Un imprest didatic par impar\u00e0 zuiant. Il prin numar al \u00e8 pai fruts, il secont pai frutats de scuole medie, ma ancje gjoldibii e plasevui pai grants. Il tier\u00e7 numar par ducj.<\/strong><\/p>\n<p><strong><em>Imparare giocando. Il primo numero \u00e8 dedicato alle scuole elementari, il secondo ai ragazzi delle medie. Entrambi sono piacevoli e divertenti anche per i grandi. Il terzo numero \u00e8 per tutti.<\/em><\/strong><\/p>\n<h4><\/h4>\n<p>&nbsp;<\/p>\n<h5><strong>A \u00e0n colabor\u00e2t:<\/strong><strong>\u00a0Miriam Dolso \u2013 Giuliano Velliscig<\/strong><br \/>\n<strong>Dissens e impagjinazion: Marta Venuti<\/strong><br \/>\n<strong>Revision pe grafie ufici\u00e2l: Christian Romanini <\/strong><strong>(Sportel pe lenghe furlane dal Comun di Tavagn\u00e0)<\/strong><\/h5>\n<p>&nbsp;<\/p>\n","protected":false},"featured_media":2108,"comment_status":"open","ping_status":"closed","template":"","meta":[],"product_brand":[],"product_cat":[46,24,21,47],"product_tag":[529,687,2238,2239,2561,2562,2240,2241,2242,941,943,940,942,2015],"class_list":{"0":"post-2107","1":"product","2":"type-product","3":"status-publish","4":"has-post-thumbnail","6":"product_cat-alessandra-kersevan","7":"product_cat-didatiche","8":"product_cat-friulano","9":"product_cat-giuliano-velliscig","10":"product_tag-alessandra-kersevan","11":"product_tag-didattica-in-friulano","12":"product_tag-enigmistica-in-friulano","13":"product_tag-giochi-enigmistici","14":"product_tag-giuliano-velliscig","15":"product_tag-miriam-dolso","16":"product_tag-parole-crociate-in-friulano","17":"product_tag-parole-incrociate-in-friulano","18":"product_tag-peraulis-crosadis","19":"product_tag-zucs-di-peraulis","20":"product_tag-zucs-di-peraulis-par-furlan","21":"product_tag-zucs-par-furlan","22":"product_tag-zuia-cu-lis-peraulis","23":"product_tag-zuia-cul-furlan","25":"first","26":"outofstock","27":"sale","28":"shipping-taxable","29":"purchasable","30":"product-type-simple","31":"customify-col"},"_links":{"self":[{"href":"https:\/\/shop.kappavu.it\/KV\/wp-json\/wp\/v2\/product\/2107","targetHints":{"allow":["GET"]}}],"collection":[{"href":"https:\/\/shop.kappavu.it\/KV\/wp-json\/wp\/v2\/product"}],"about":[{"href":"https:\/\/shop.kappavu.it\/KV\/wp-json\/wp\/v2\/types\/product"}],"replies":[{"embeddable":true,"href":"https:\/\/shop.kappavu.it\/KV\/wp-json\/wp\/v2\/comments?post=2107"}],"wp:featuredmedia":[{"embeddable":true,"href":"https:\/\/shop.kappavu.it\/KV\/wp-json\/wp\/v2\/media\/2108"}],"wp:attachment":[{"href":"https:\/\/shop.kappavu.it\/KV\/wp-json\/wp\/v2\/media?parent=2107"}],"wp:term":[{"taxonomy":"product_brand","embeddable":true,"href":"https:\/\/shop.kappavu.it\/KV\/wp-json\/wp\/v2\/product_brand?post=2107"},{"taxonomy":"product_cat","embeddable":true,"href":"https:\/\/shop.kappavu.it\/KV\/wp-json\/wp\/v2\/product_cat?post=2107"},{"taxonomy":"product_tag","embeddable":true,"href":"https:\/\/shop.kappavu.it\/KV\/wp-json\/wp\/v2\/product_tag?post=2107"}],"curies":[{"name":"wp","href":"https:\/\/api.w.org\/{rel}","templated":true}]}}

<h4></h4>
<h4>Salût de Aministrazion Comunâl di Tavagnà:</h4>
<h4>Ai 26 di Setembar dute Europe e celebre la Zornade europeane des lenghis e duncje ancje chês locâls. Fin dal 2001 (che al è stât l’an european des lenghis) il Consei de Europe al à volût dedicâ cheste zornade di fin Setembar a chest impuartant argoment, marcant a clâr trê principis di fonde:<br />
la Europe e je plurilengâl e lu sarà simpri; l’aprendiment des lenghis al ufrìs une oportunitât ai citadins; ognidun al è in stât di fâlu.<br />
Intun mont che al devente simpri plui piçul midiant des gnovis tecnologjiis, ancje il Vieri Continent al à di frontâ il pericul de omologazion des culturis. E propit par fâ rifleti su la impuartance di difindi la nestre lenghe e la nestre tradizion, no par sierâsi tal nestri “curtîl”, ma te convinzion che dome valorizant il “particolâr” si pues pandi une culture de integrazion tra lis identitâts diferentis presintis in Europe e no dome, ancje il Comun di Tavagnà-Sportel pe lenghe furlane al à volût realizâ cheste publicazion par ricuardâ la Zornade europeane des lenghis dai 26 di Setembar e furnî a lis scuelis un imprest util par imparâ zuiant, come che al è just che a fasin i fruts. Dome tacant dai plui zovins si pues garantî un avignî ae lenghe furlane che e rapresente un element identitari tra i plui impuartants de nestre comunitât, cu la sperance che e deventi simpri di plui ancje ocasion di confront e contat tra lis tantis culturis che a vivin sul nestri teritori.</h4>
<h4>Mandi di cûr.</h4>
<h4>Il Sindic<br />
Prof. Mario Pezzetta</h4>
<h4></h4>

<h4><span style="color: #800000;"><em>&#8230; E ALTRIS ZÛCS ENIGMISTICS</em></span></h4>
<p>&nbsp;</p>
<h4>a cura di <strong><a class="url fn n" href="https://shop.kappavu.it/KV/autori-al/#alessandra-kersevan">ALESSANDRA KERSEVAN</a></strong></h4>
<p><strong>Un imprest didatic par imparà zuiant. Il prin numar al è pai fruts, il secont pai frutats de scuole medie, ma ancje gjoldibii e plasevui pai grants. Il tierç numar par ducj.</strong></p>
<p><strong><em>Imparare giocando. Il primo numero è dedicato alle scuole elementari, il secondo ai ragazzi delle medie. Entrambi sono piacevoli e divertenti anche per i grandi. Il terzo numero è per tutti.</em></strong></p>
<h4></h4>
<p>&nbsp;</p>
<h5><strong>A àn colaborât:</strong><strong> Miriam Dolso – Giuliano Velliscig</strong><br />
<strong>Dissens e impagjinazion: Marta Venuti</strong><br />
<strong>Revision pe grafie uficiâl: Christian Romanini </strong><strong>(Sportel pe lenghe furlane dal Comun di Tavagnà)</strong></h5>
<p>&nbsp;</p>
