{"id":2016,"date":"2022-04-25T21:38:16","date_gmt":"2022-04-25T19:38:16","guid":{"rendered":"https:\/\/shop.kappavu.it\/KV\/?post_type=product&#038;p=2016"},"modified":"2023-11-21T20:49:54","modified_gmt":"2023-11-21T19:49:54","slug":"ses-e-barete","status":"publish","type":"product","link":"https:\/\/shop.kappavu.it\/KV\/prodotto\/ses-e-barete\/","title":{"rendered":"SES &#038; BARETE contis curtis"},"content":{"rendered":"<h4><\/h4>\n<h4>Parc\u00e8 contis curtis di ses?<br \/>\nChe a sedin curtis al \u00e8 avonde cl\u00e2r, no?<br \/>\nIl ses? Magari parc\u00e8 che al tire? O forsit par inclinazion person\u00e2l.<br \/>\nDi sig\u00fbr parc\u00e8 che mi pl\u00e2s mate\u00e2 cu la idiozie dal gjenar uman.<br \/>\nParc\u00e8 propit barete?<br \/>\nTal bon o tal trist timp al covente v\u00ea simpri il cj\u00e2f ben cl\u00e2r parc\u00e8 che \u00aba ch\u00eas de barete nissun je pete\u00bb.<br \/>\nParc\u00e8 in furlan?<br \/>\nParc\u00e8 che e je une lenghe ancje di tiere e di sanc.<br \/>\nBon gjoldi e che la fuarce e sedi cun v\u00f4.<\/h4>\n<h4><em>Francesca Gregoricchio<\/em><\/h4>\n<p>&nbsp;<\/p>\n","protected":false},"excerpt":{"rendered":"<p>&nbsp;<\/p>\n<h4>di <strong><a href=\"http:\/\/shop.kappavu.it\/KV\/autori-al\/#francesca-gregoricchio\">FRANCESCA GREGORICCHIO<\/a><\/strong><\/h4>\n<div class=\"product-short-description\">\n<p><strong>Vincj contis golosis, dul\u00e0 che il ses al \u00e8 il protagonist, miscli\u00e7\u00e2t al plas\u00ea ma ancje aes p\u00f4ris, frustrazions e, soredut, a chel tant di stupidit\u00e2t che al gjenar uman no i mancje mai. Il dut insavor\u00eet cun ironie, juste par no but\u00e2 dret in muse che o sin ducj part di une umanit\u00e2t avonde f\u00fbr di gamele.<\/strong><\/p>\n<p>&nbsp;<\/p>\n<\/div>\n","protected":false},"featured_media":2017,"comment_status":"open","ping_status":"closed","template":"","meta":[],"product_brand":[],"product_cat":[135,21,22],"product_tag":[254,255,313,2320,496,258,261,316,259,260,2316,317,2321,632,318],"class_list":{"0":"post-2016","1":"product","2":"type-product","3":"status-publish","4":"has-post-thumbnail","6":"product_cat-francesca-gregoricchio","7":"product_cat-friulano","8":"product_cat-la_comugne","9":"product_tag-contis","10":"product_tag-contis-curtis","11":"product_tag-contis-curtis-par-furlan","12":"product_tag-contis-sul-ses","13":"product_tag-francesca-gregoricchio","14":"product_tag-la-comugne","15":"product_tag-raccolta-di-racconti","16":"product_tag-raccolta-di-racconti-in-friulano","17":"product_tag-racconti","18":"product_tag-racconti-brevi","19":"product_tag-racconti-brevi-in-friulano","20":"product_tag-racconti-in-friulano","21":"product_tag-racconti-sul-sesso","22":"product_tag-racuelte-di-contis","23":"product_tag-racuelte-di-contis-par-furlan","25":"first","26":"instock","27":"sale","28":"shipping-taxable","29":"purchasable","30":"product-type-simple","31":"customify-col"},"_links":{"self":[{"href":"https:\/\/shop.kappavu.it\/KV\/wp-json\/wp\/v2\/product\/2016","targetHints":{"allow":["GET"]}}],"collection":[{"href":"https:\/\/shop.kappavu.it\/KV\/wp-json\/wp\/v2\/product"}],"about":[{"href":"https:\/\/shop.kappavu.it\/KV\/wp-json\/wp\/v2\/types\/product"}],"replies":[{"embeddable":true,"href":"https:\/\/shop.kappavu.it\/KV\/wp-json\/wp\/v2\/comments?post=2016"}],"wp:featuredmedia":[{"embeddable":true,"href":"https:\/\/shop.kappavu.it\/KV\/wp-json\/wp\/v2\/media\/2017"}],"wp:attachment":[{"href":"https:\/\/shop.kappavu.it\/KV\/wp-json\/wp\/v2\/media?parent=2016"}],"wp:term":[{"taxonomy":"product_brand","embeddable":true,"href":"https:\/\/shop.kappavu.it\/KV\/wp-json\/wp\/v2\/product_brand?post=2016"},{"taxonomy":"product_cat","embeddable":true,"href":"https:\/\/shop.kappavu.it\/KV\/wp-json\/wp\/v2\/product_cat?post=2016"},{"taxonomy":"product_tag","embeddable":true,"href":"https:\/\/shop.kappavu.it\/KV\/wp-json\/wp\/v2\/product_tag?post=2016"}],"curies":[{"name":"wp","href":"https:\/\/api.w.org\/{rel}","templated":true}]}}

<h4></h4>
<h4>Parcè contis curtis di ses?<br />
Che a sedin curtis al è avonde clâr, no?<br />
Il ses? Magari parcè che al tire? O forsit par inclinazion personâl.<br />
Di sigûr parcè che mi plâs mateâ cu la idiozie dal gjenar uman.<br />
Parcè propit barete?<br />
Tal bon o tal trist timp al covente vê simpri il cjâf ben clâr parcè che «a chês de barete nissun je pete».<br />
Parcè in furlan?<br />
Parcè che e je une lenghe ancje di tiere e di sanc.<br />
Bon gjoldi e che la fuarce e sedi cun vô.</h4>
<h4><em>Francesca Gregoricchio</em></h4>
<p>&nbsp;</p>

<p>&nbsp;</p>
<h4>di <strong><a href="http://shop.kappavu.it/KV/autori-al/#francesca-gregoricchio">FRANCESCA GREGORICCHIO</a></strong></h4>
<div class="product-short-description">
<p><strong>Vincj contis golosis, dulà che il ses al è il protagonist, miscliçât al plasê ma ancje aes pôris, frustrazions e, soredut, a chel tant di stupiditât che al gjenar uman no i mancje mai. Il dut insavorît cun ironie, juste par no butâ dret in muse che o sin ducj part di une umanitât avonde fûr di gamele.</strong></p>
<p>&nbsp;</p>
</div>
