{"id":2014,"date":"2022-04-25T21:23:42","date_gmt":"2022-04-25T19:23:42","guid":{"rendered":"https:\/\/shop.kappavu.it\/KV\/?post_type=product&#038;p=2014"},"modified":"2026-02-18T18:40:15","modified_gmt":"2026-02-18T17:40:15","slug":"scur-di-lune","status":"publish","type":"product","link":"https:\/\/shop.kappavu.it\/KV\/prodotto\/scur-di-lune\/","title":{"rendered":"SC\u00dbR DI LUNE"},"content":{"rendered":"<h4><\/h4>\n<h4>Francesco Tami \u00e8 uno di quegli scrittori \u2013 qualcuno a questo punto potrebbe aspettarsi l\u2019inevitabile aggettivo \u201cfriulano\u201d \u2026 ma no, mettiamoci d\u2019accordo, uno scrittore \u00e8 uno che scrive bene, quale che sia la lingua che utilizza! \u2013 che ti lascia il desiderio di leggere sempre nuovo materiale in uscita dalla sua officina creativa.<br \/>\nSar\u00e0 perch\u00e9 i suoi racconti, che possono parlare di concerti di musica dark anni ottanta, come di alieni secondo la moda della fantascienza anni cinquanta, ma anche della \u201cSagra delle Pere\u201d di Pavia di Udine, mostrano una rara capacit\u00e0 di portare in scena personaggi e storie, che saltano fuori da un immaginario assai complesso e immaginifico, ma allo stesso tempo coerente e legato alle esperienze vissute in prima persona dal narratore-protagonista sullo sfondo di un Friuli ormai semi-rurale. O semi-industriale e globalizzato \u2013 dipende dal punto di vista dal quale lo si vuole guardare.<br \/>\nA differenza delle altre pubblicazioni, maggiormente strutturate secondo un genere letterario ben definito \u2013 la raccolta di racconti La maree nere e il romanzo Sense \u2013 in Sc\u00fbr di lune l\u2019autore socchiude la porta del suo laboratorio e ci lascia rovistare anche tra prove ed esperimenti, versioni \u201cbeta\u201d di storie che stanno prendendo forma, fiabe, sogni, versi.<br \/>\nIn una visione ove il reale si trasforma in magia, Francesco \u00e8 ancora capace di discernere ci\u00f2 che gli altri non vedono pi\u00f9, le miriadi di storie potenziali in quello che guardiamo distrattamente ogni giorno. Ma l\u2019autore al tempo stesso mantiene un distacco ironico, anche dalle sue passioni autentiche (\u00abIl punk. O vevi sav\u00fbt su Grand Hotel che al esisteve chel moviment\u2026\u00bb. \u00abIl punk. Avevo appreso su Grand Hotel che esisteva quel movimento\u2026\u00bb); la tensione per il misterioso a volte si sfalda di colpo nella luce diurna del Friuli ex-contadino, che sostituisce \u00abil legno con la plastica\u00bb.<br \/>\nCon una coscienza pi\u00f9 profondamente ecologica, Francesco sa che la sua \u00e8 una voce che non si arrende alla desertificazione, del mondo esterno e interno a noi:<br \/>\n\u201cTu mi \u00e2s dit che a jerin des pieris li de muraie merlade dal pala\u00e7. Dul\u00e0 sono?\u201d<br \/>\nNo son plui. Di tancj agns. Lis \u00e0n gjavadis di cuant che dute la int e \u00e0 fin\u00eet di cont\u00e2si storiis.<br \/>\nVon Grimoaldo no si trasforme plui in lupo mannaro.<br \/>\nLa int e je dute platade in cjase.<br \/>\nA son ducj rincoion\u00eets devant de televisionate.<br \/>\nPuare int.<\/h4>\n<h4><em>Stefania Nonino<\/em><\/h4>\n<p>&nbsp;<\/p>\n","protected":false},"excerpt":{"rendered":"<p>&nbsp;<\/p>\n<h4>di <strong><a href=\"http:\/\/shop.kappavu.it\/KV\/autori-al\/#checo-tam\">CHECO TAM<\/a><\/strong><\/h4>\n<div class=\"product-short-description\">\n<p><strong>Lis contis di Checo Tam a puedin fevel\u00e2 di concierts di musiche dark dai agns otante, come ancje di aliens ae mode de fantasience dai agns cincuante, ma ancje de \u201cSagre dai Pir\u00f9s\u201d di Pavie di Udin. A mostrin une rare capacit\u00e2t di puart\u00e2 in sene persona\u00e7s e storiis, che a saltin f\u00fbr di un imagjin\u00e2ri une vore compl\u00e8s e imagjinific, ma al stes timp coerent e pe\u00e2t aes esperiencis vivudis in prime persone dal narad\u00f4r-protagonist sul sfont di un Fri\u00fbl aromai semi-rur\u00e2l. O semi-industri\u00e2l e globaliz\u00e2t \u2013 dipent di cem\u00fbt che si v\u00fbl cjal\u00e2lu.<\/strong><\/p>\n<p><em><strong>I racconti di Checo Tam, che possono parlare di concerti di musica dark anni ottanta, come di alieni secondo la moda della fantascienza anni cinquanta, ma anche della \u201cSagra delle Pere\u201d di Pavia di Udine, mostrano una rara capacit\u00e0 di portare in scena personaggi e storie, che saltano fuori da un immaginario assai complesso, ma allo stesso tempo coerente, legato alle esperienze vissute in prima persona dal narratore-protagonista sullo sfondo di un Friuli ormai semi-rurale. O semi-industriale e globalizzato \u2013 dipende dal punto di vista.<\/strong><\/em><\/p>\n<p>&nbsp;<\/p>\n<\/div>\n","protected":false},"featured_media":2015,"comment_status":"open","ping_status":"closed","template":"","meta":[],"product_brand":[],"product_cat":[107,21,22],"product_tag":[421,254,255,313,422,258,379,560,745,261,316,259,260,2316,2317,317,318,2318],"class_list":{"0":"post-2014","1":"product","2":"type-product","3":"status-publish","4":"has-post-thumbnail","6":"product_cat-checo-tam","7":"product_cat-friulano","8":"product_cat-la_comugne","9":"product_tag-checo-tam","10":"product_tag-contis","11":"product_tag-contis-curtis","12":"product_tag-contis-curtis-par-furlan","13":"product_tag-francesco-tami","14":"product_tag-la-comugne","15":"product_tag-poesie-friulane","16":"product_tag-poesie-in-friulano","17":"product_tag-raccolta-di-poesie-in-friulano","18":"product_tag-raccolta-di-racconti","19":"product_tag-raccolta-di-racconti-in-friulano","20":"product_tag-racconti","21":"product_tag-racconti-brevi","22":"product_tag-racconti-brevi-in-friulano","23":"product_tag-racconti-dark","24":"product_tag-racconti-in-friulano","25":"product_tag-racuelte-di-contis-par-furlan","26":"product_tag-vita-del-friuli-rurale","28":"first","29":"instock","30":"sale","31":"shipping-taxable","32":"purchasable","33":"product-type-simple","34":"customify-col"},"_links":{"self":[{"href":"https:\/\/shop.kappavu.it\/KV\/wp-json\/wp\/v2\/product\/2014","targetHints":{"allow":["GET"]}}],"collection":[{"href":"https:\/\/shop.kappavu.it\/KV\/wp-json\/wp\/v2\/product"}],"about":[{"href":"https:\/\/shop.kappavu.it\/KV\/wp-json\/wp\/v2\/types\/product"}],"replies":[{"embeddable":true,"href":"https:\/\/shop.kappavu.it\/KV\/wp-json\/wp\/v2\/comments?post=2014"}],"wp:featuredmedia":[{"embeddable":true,"href":"https:\/\/shop.kappavu.it\/KV\/wp-json\/wp\/v2\/media\/2015"}],"wp:attachment":[{"href":"https:\/\/shop.kappavu.it\/KV\/wp-json\/wp\/v2\/media?parent=2014"}],"wp:term":[{"taxonomy":"product_brand","embeddable":true,"href":"https:\/\/shop.kappavu.it\/KV\/wp-json\/wp\/v2\/product_brand?post=2014"},{"taxonomy":"product_cat","embeddable":true,"href":"https:\/\/shop.kappavu.it\/KV\/wp-json\/wp\/v2\/product_cat?post=2014"},{"taxonomy":"product_tag","embeddable":true,"href":"https:\/\/shop.kappavu.it\/KV\/wp-json\/wp\/v2\/product_tag?post=2014"}],"curies":[{"name":"wp","href":"https:\/\/api.w.org\/{rel}","templated":true}]}}

SCÛR DI LUNE

<h4></h4>
<h4>Francesco Tami è uno di quegli scrittori – qualcuno a questo punto potrebbe aspettarsi l’inevitabile aggettivo “friulano” … ma no, mettiamoci d’accordo, uno scrittore è uno che scrive bene, quale che sia la lingua che utilizza! – che ti lascia il desiderio di leggere sempre nuovo materiale in uscita dalla sua officina creativa.<br />
Sarà perché i suoi racconti, che possono parlare di concerti di musica dark anni ottanta, come di alieni secondo la moda della fantascienza anni cinquanta, ma anche della “Sagra delle Pere” di Pavia di Udine, mostrano una rara capacità di portare in scena personaggi e storie, che saltano fuori da un immaginario assai complesso e immaginifico, ma allo stesso tempo coerente e legato alle esperienze vissute in prima persona dal narratore-protagonista sullo sfondo di un Friuli ormai semi-rurale. O semi-industriale e globalizzato – dipende dal punto di vista dal quale lo si vuole guardare.<br />
A differenza delle altre pubblicazioni, maggiormente strutturate secondo un genere letterario ben definito – la raccolta di racconti La maree nere e il romanzo Sense – in Scûr di lune l’autore socchiude la porta del suo laboratorio e ci lascia rovistare anche tra prove ed esperimenti, versioni “beta” di storie che stanno prendendo forma, fiabe, sogni, versi.<br />
In una visione ove il reale si trasforma in magia, Francesco è ancora capace di discernere ciò che gli altri non vedono più, le miriadi di storie potenziali in quello che guardiamo distrattamente ogni giorno. Ma l’autore al tempo stesso mantiene un distacco ironico, anche dalle sue passioni autentiche («Il punk. O vevi savût su Grand Hotel che al esisteve chel moviment…». «Il punk. Avevo appreso su Grand Hotel che esisteva quel movimento…»); la tensione per il misterioso a volte si sfalda di colpo nella luce diurna del Friuli ex-contadino, che sostituisce «il legno con la plastica».<br />
Con una coscienza più profondamente ecologica, Francesco sa che la sua è una voce che non si arrende alla desertificazione, del mondo esterno e interno a noi:<br />
“Tu mi âs dit che a jerin des pieris li de muraie merlade dal palaç. Dulà sono?”<br />
No son plui. Di tancj agns. Lis àn gjavadis di cuant che dute la int e à finît di contâsi storiis.<br />
Von Grimoaldo no si trasforme plui in lupo mannaro.<br />
La int e je dute platade in cjase.<br />
A son ducj rincoionîts devant de televisionate.<br />
Puare int.</h4>
<h4><em>Stefania Nonino</em></h4>
<p>&nbsp;</p>

<p>&nbsp;</p>
<h4>di <strong><a href="http://shop.kappavu.it/KV/autori-al/#checo-tam">CHECO TAM</a></strong></h4>
<div class="product-short-description">
<p><strong>Lis contis di Checo Tam a puedin fevelâ di concierts di musiche dark dai agns otante, come ancje di aliens ae mode de fantasience dai agns cincuante, ma ancje de “Sagre dai Pirùs” di Pavie di Udin. A mostrin une rare capacitât di puartâ in sene personaçs e storiis, che a saltin fûr di un imagjinâri une vore complès e imagjinific, ma al stes timp coerent e peât aes esperiencis vivudis in prime persone dal naradôr-protagonist sul sfont di un Friûl aromai semi-rurâl. O semi-industriâl e globalizât – dipent di cemût che si vûl cjalâlu.</strong></p>
<p><em><strong>I racconti di Checo Tam, che possono parlare di concerti di musica dark anni ottanta, come di alieni secondo la moda della fantascienza anni cinquanta, ma anche della “Sagra delle Pere” di Pavia di Udine, mostrano una rara capacità di portare in scena personaggi e storie, che saltano fuori da un immaginario assai complesso, ma allo stesso tempo coerente, legato alle esperienze vissute in prima persona dal narratore-protagonista sullo sfondo di un Friuli ormai semi-rurale. O semi-industriale e globalizzato – dipende dal punto di vista.</strong></em></p>
<p>&nbsp;</p>
</div>
