{"id":1973,"date":"2022-04-22T02:11:33","date_gmt":"2022-04-22T00:11:33","guid":{"rendered":"https:\/\/shop.kappavu.it\/KV\/?post_type=product&#038;p=1973"},"modified":"2022-10-21T12:55:24","modified_gmt":"2022-10-21T10:55:24","slug":"niente-come-prima","status":"publish","type":"product","link":"https:\/\/shop.kappavu.it\/KV\/prodotto\/niente-come-prima\/","title":{"rendered":"NIENTE COME PRIMA"},"content":{"rendered":"<h4><\/h4>\n<h4>Risuonano voci di donne, ciascuna nella propria singolare e differenziata unicit\u00e0, a riprova che la differenza di genere incrocia molteplici differenze: appartenenze generazionali e sociali, luoghi e percorsi di elaborazione. Comune a tutte \u00e8 invece la ricerca di quella libert\u00e0 che significa possibilit\u00e0 di raccontare un romanzo di formazione femminile non pi\u00f9 a senso unico ma articolato nelle pi\u00f9 varie direzioni pensabili. Queste pagine non si limitano per\u00f2 a ricordare e si propongono come strumento per riprendere l\u2019azione, seppure in modi ancora da individuare, suggerendo quanta energia, pi\u00f9 o meno latente, sia pronta a sprigionarsi.<\/h4>\n<p>&nbsp;<\/p>\n","protected":false},"excerpt":{"rendered":"<h4><span style=\"color: #800000;\"><em>IL PASSAGGIO DEL &#8217;68 TRA STORIA E MEMORIA<\/em><\/span><\/h4>\n<p>&nbsp;<\/p>\n<h4>a cura di <strong><a class=\"url fn n\" href=\"https:\/\/shop.kappavu.it\/KV\/autori-mz\/#marina-giovannelli\">MARINA GIOVANNELLI<\/a><\/strong><\/h4>\n<p><strong>Risuonano voci di donne, ciascuna nella propria singolare e differenziata unicit\u00e0, a riprova che la differenza di genere incrocia molteplici differenze: appartenenze generazionali e sociali, luoghi e percorsi di elaborazione. Comune a tutte \u00e8 invece la ricerca di quella libert\u00e0 che significa possibilit\u00e0 di raccontare un romanzo di formazione femminile non pi\u00f9 a senso unico ma articolato nelle pi\u00f9 varie direzioni pensabili.<\/strong><\/p>\n<p>&nbsp;<\/p>\n","protected":false},"featured_media":1974,"comment_status":"open","ping_status":"closed","template":"","meta":[],"product_brand":[],"product_cat":[82,46,64,48,18],"product_tag":[2134,2135,2042,529,2095,2136,2137,1168,2138,2139,394,2096,2140,2097,2098,2141,760,1657,761,2099],"class_list":{"0":"post-1973","1":"product","2":"type-product","3":"status-publish","4":"has-post-thumbnail","6":"product_cat-aldina-de-stefano","7":"product_cat-alessandra-kersevan","8":"product_cat-elvia-franco","9":"product_cat-marina-giovannelli","10":"product_cat-narrativa","11":"product_tag-68-friulano","12":"product_tag-68-in-friuli","13":"product_tag-aldina-de-stefano","14":"product_tag-alessandra-kersevan","15":"product_tag-anni-60","16":"product_tag-antonella-sbuelz","17":"product_tag-differenza-di-genere","18":"product_tag-elvia-franco","19":"product_tag-il-passaggio-del-68","20":"product_tag-maria-carminati","21":"product_tag-marina-giovannelli","22":"product_tag-movimenti-sessantottini","23":"product_tag-pina-raso","24":"product_tag-sessantotto-friulano","25":"product_tag-sessantotto-in-friuli","26":"product_tag-storia-del-68-in-friuli","27":"product_tag-storia-del-friuli","28":"product_tag-storia-del-novecento","29":"product_tag-storia-di-udine","30":"product_tag-udine-anni-60","32":"first","33":"instock","34":"sale","35":"shipping-taxable","36":"purchasable","37":"product-type-simple","38":"customify-col"},"_links":{"self":[{"href":"https:\/\/shop.kappavu.it\/KV\/wp-json\/wp\/v2\/product\/1973","targetHints":{"allow":["GET"]}}],"collection":[{"href":"https:\/\/shop.kappavu.it\/KV\/wp-json\/wp\/v2\/product"}],"about":[{"href":"https:\/\/shop.kappavu.it\/KV\/wp-json\/wp\/v2\/types\/product"}],"replies":[{"embeddable":true,"href":"https:\/\/shop.kappavu.it\/KV\/wp-json\/wp\/v2\/comments?post=1973"}],"wp:featuredmedia":[{"embeddable":true,"href":"https:\/\/shop.kappavu.it\/KV\/wp-json\/wp\/v2\/media\/1974"}],"wp:attachment":[{"href":"https:\/\/shop.kappavu.it\/KV\/wp-json\/wp\/v2\/media?parent=1973"}],"wp:term":[{"taxonomy":"product_brand","embeddable":true,"href":"https:\/\/shop.kappavu.it\/KV\/wp-json\/wp\/v2\/product_brand?post=1973"},{"taxonomy":"product_cat","embeddable":true,"href":"https:\/\/shop.kappavu.it\/KV\/wp-json\/wp\/v2\/product_cat?post=1973"},{"taxonomy":"product_tag","embeddable":true,"href":"https:\/\/shop.kappavu.it\/KV\/wp-json\/wp\/v2\/product_tag?post=1973"}],"curies":[{"name":"wp","href":"https:\/\/api.w.org\/{rel}","templated":true}]}}

<h4></h4>
<h4>Risuonano voci di donne, ciascuna nella propria singolare e differenziata unicità, a riprova che la differenza di genere incrocia molteplici differenze: appartenenze generazionali e sociali, luoghi e percorsi di elaborazione. Comune a tutte è invece la ricerca di quella libertà che significa possibilità di raccontare un romanzo di formazione femminile non più a senso unico ma articolato nelle più varie direzioni pensabili. Queste pagine non si limitano però a ricordare e si propongono come strumento per riprendere l’azione, seppure in modi ancora da individuare, suggerendo quanta energia, più o meno latente, sia pronta a sprigionarsi.</h4>
<p>&nbsp;</p>

<h4><span style="color: #800000;"><em>IL PASSAGGIO DEL &#8217;68 TRA STORIA E MEMORIA</em></span></h4>
<p>&nbsp;</p>
<h4>a cura di <strong><a class="url fn n" href="https://shop.kappavu.it/KV/autori-mz/#marina-giovannelli">MARINA GIOVANNELLI</a></strong></h4>
<p><strong>Risuonano voci di donne, ciascuna nella propria singolare e differenziata unicità, a riprova che la differenza di genere incrocia molteplici differenze: appartenenze generazionali e sociali, luoghi e percorsi di elaborazione. Comune a tutte è invece la ricerca di quella libertà che significa possibilità di raccontare un romanzo di formazione femminile non più a senso unico ma articolato nelle più varie direzioni pensabili.</strong></p>
<p>&nbsp;</p>
