{"id":1971,"date":"2022-04-22T01:59:19","date_gmt":"2022-04-21T23:59:19","guid":{"rendered":"https:\/\/shop.kappavu.it\/KV\/?post_type=product&#038;p=1971"},"modified":"2022-10-21T12:52:52","modified_gmt":"2022-10-21T10:52:52","slug":"niari-two-pulp-tales","status":"publish","type":"product","link":"https:\/\/shop.kappavu.it\/KV\/prodotto\/niari-two-pulp-tales\/","title":{"rendered":"NIARI &#8211; Two pulp tales"},"content":{"rendered":"<h4><\/h4>\n<h4>Chi racconta una storia definisce la sua cifra del mondo. Quanto pi\u00f9 l\u2019autore si muove su coordinate eccentriche rispetto a connessioni prestabilite, capoluoghi culturali o norme surrettizie, tanto pi\u00f9 potente sar\u00e0 la visione prodotta. Nei due racconti qui presentati la Carnia \u2013 anzi, una piccola porzione di essa, linguisticamente delimitata \u2013 e una semiperiferia notturna \u2013 ma s\u00ec, \u00e8 Udine \u2013 ancorano l\u2019immaginario a un vissuto contemporaneo, che tuttavia \u2013 un po\u2019 pi\u00f9 a lato, un po\u2019 pi\u00f9 in l\u00e0 \u2013 diventa altro, al centro del global business o nelle pieghe del mito ancestrale.<br \/>\nGli estimatori del genio multitasking di Fulvio Romanin, a.k.a. Reddkaa, autore, cantante, produttore, web designer, videomaker, non si sorprenderanno della pubblicazione di questa prova squisitamente letteraria: Geologicamente impossibile e Cornetto e caff\u00e8 sono due racconti diversi, a partire dalla scelta del medium linguistico, ma sostanzialmente frutto della stessa penna e di riconoscibili modalit\u00e0 creative: dialoghi serrati, gergo \u201cgggiovanile\u201d, visualizzazione concitata di scene spezzate come in un videoclip, collegate da un montaggio frenetico.<br \/>\nGeologicamente impossibile sfida il lettore, e sfida una certa deriva normalizzatrice proponendosi ostentatamente nella variante del carnico di Forni Avoltri, quella che termina in \u201co\u201d, irriducibile alla koin\u00e8 friulana. Ma questa \u00e8 la sola lingua che il protagonista, tornato al paese dopo anni di Universit\u00e0 a Bologna, sente di poter usare in quel luogo, la lingua che d\u00e0 il nome alle cose, agli affetti, alle amicizie, della quale si riappropria a mano a mano che procede a fare i conti con un improbabile presente e fantasmi fin troppo concreti del recente passato.<br \/>\nCornetto e caff\u00e8 scorre facile, con l\u2019andamento melodico di quelle canzoni cos\u00ec semplicemente perfette che entrano da subito nella personale hit list \u2013 notare i titoli dei capitoli, please. E poi, progressivamente, il ritmo accelera, scarta, il tono cresce, devia in ambiti obliqui, nella lunga notte di una coppia di amici che si erano incontrati al solito posto, nella solita estate afosa di Udine.<br \/>\nA volte si trovano ancora scrittori che sanno raccontarle, le storie.<br \/>\nE questo \u00e8 solo l\u2019inizio.<\/h4>\n<h4><em>Stefania Nonino<\/em><\/h4>\n<p>&nbsp;<\/p>\n","protected":false},"excerpt":{"rendered":"<p>&nbsp;<\/p>\n<h4>di <strong><a href=\"http:\/\/shop.kappavu.it\/KV\/autori-al\/#fulvio-romanin\">FULVIO REDDKAA ROMANIN<\/a><\/strong><\/h4>\n<p><strong>Tes d\u00f4s contis ach\u00ec presentadis la Cjargne \u2013 anzit, une s\u00f4 pi\u00e7ule part, confinade linguistichementri \u2013 e une sorte di suburbie noturne (ma s\u00ec, e je Udin) a coleghin l\u2019imagjinari a un vivi contemporani, che cundut a chel \u2013 un p\u00f4c plui in bande, un p\u00f4c plui inl\u00e0 \u2013 al divente altri, al centri dal global business o tes pleis dal m\u00eet ancestr\u00e2l.<\/strong><\/p>\n<p><strong><em>Nei due racconti \u2013 uno nella variet\u00e0 pi\u00f9 arcaica di carnico e uno in italiano \u2013 la Carnia, anzi una sua piccola parte, confinata linguisticamente ed una sorta di suburbia notturna (ma s\u00ec, \u00e8 Udine), collegano l\u2019immaginario a un vivere contemporaneo, che un po\u2019 discosto, un po\u2019 pi\u00f9 in l\u00e0, diventa altro, al centro del global business o nelle pieghe del mito ancestrale.<\/em><\/strong><\/p>\n<p>&nbsp;<\/p>\n","protected":false},"featured_media":1972,"comment_status":"open","ping_status":"closed","template":"","meta":[],"product_brand":[],"product_cat":[21,140,22],"product_tag":[255,313,2020,258,2021,2022,261,475,260,317,632,318,2023,634,2024,635],"class_list":{"0":"post-1971","1":"product","2":"type-product","3":"status-publish","4":"has-post-thumbnail","6":"product_cat-friulano","7":"product_cat-fulvio-romanin","8":"product_cat-la_comugne","9":"product_tag-contis-curtis","10":"product_tag-contis-curtis-par-furlan","11":"product_tag-fulvio-romanin","12":"product_tag-la-comugne","13":"product_tag-pulp-friulano","14":"product_tag-pulp-tales","15":"product_tag-raccolta-di-racconti","16":"product_tag-raccolta-di-racconti-brevi","17":"product_tag-racconti-brevi","18":"product_tag-racconti-in-friulano","19":"product_tag-racuelte-di-contis","20":"product_tag-racuelte-di-contis-par-furlan","21":"product_tag-reddkaa","22":"product_tag-storie-in-friulano","23":"product_tag-storie-pulp","24":"product_tag-storiis-par-furlan","26":"first","27":"instock","28":"sale","29":"shipping-taxable","30":"purchasable","31":"product-type-simple","32":"customify-col"},"_links":{"self":[{"href":"https:\/\/shop.kappavu.it\/KV\/wp-json\/wp\/v2\/product\/1971","targetHints":{"allow":["GET"]}}],"collection":[{"href":"https:\/\/shop.kappavu.it\/KV\/wp-json\/wp\/v2\/product"}],"about":[{"href":"https:\/\/shop.kappavu.it\/KV\/wp-json\/wp\/v2\/types\/product"}],"replies":[{"embeddable":true,"href":"https:\/\/shop.kappavu.it\/KV\/wp-json\/wp\/v2\/comments?post=1971"}],"wp:featuredmedia":[{"embeddable":true,"href":"https:\/\/shop.kappavu.it\/KV\/wp-json\/wp\/v2\/media\/1972"}],"wp:attachment":[{"href":"https:\/\/shop.kappavu.it\/KV\/wp-json\/wp\/v2\/media?parent=1971"}],"wp:term":[{"taxonomy":"product_brand","embeddable":true,"href":"https:\/\/shop.kappavu.it\/KV\/wp-json\/wp\/v2\/product_brand?post=1971"},{"taxonomy":"product_cat","embeddable":true,"href":"https:\/\/shop.kappavu.it\/KV\/wp-json\/wp\/v2\/product_cat?post=1971"},{"taxonomy":"product_tag","embeddable":true,"href":"https:\/\/shop.kappavu.it\/KV\/wp-json\/wp\/v2\/product_tag?post=1971"}],"curies":[{"name":"wp","href":"https:\/\/api.w.org\/{rel}","templated":true}]}}

<h4></h4>
<h4>Chi racconta una storia definisce la sua cifra del mondo. Quanto più l’autore si muove su coordinate eccentriche rispetto a connessioni prestabilite, capoluoghi culturali o norme surrettizie, tanto più potente sarà la visione prodotta. Nei due racconti qui presentati la Carnia – anzi, una piccola porzione di essa, linguisticamente delimitata – e una semiperiferia notturna – ma sì, è Udine – ancorano l’immaginario a un vissuto contemporaneo, che tuttavia – un po’ più a lato, un po’ più in là – diventa altro, al centro del global business o nelle pieghe del mito ancestrale.<br />
Gli estimatori del genio multitasking di Fulvio Romanin, a.k.a. Reddkaa, autore, cantante, produttore, web designer, videomaker, non si sorprenderanno della pubblicazione di questa prova squisitamente letteraria: Geologicamente impossibile e Cornetto e caffè sono due racconti diversi, a partire dalla scelta del medium linguistico, ma sostanzialmente frutto della stessa penna e di riconoscibili modalità creative: dialoghi serrati, gergo “gggiovanile”, visualizzazione concitata di scene spezzate come in un videoclip, collegate da un montaggio frenetico.<br />
Geologicamente impossibile sfida il lettore, e sfida una certa deriva normalizzatrice proponendosi ostentatamente nella variante del carnico di Forni Avoltri, quella che termina in “o”, irriducibile alla koinè friulana. Ma questa è la sola lingua che il protagonista, tornato al paese dopo anni di Università a Bologna, sente di poter usare in quel luogo, la lingua che dà il nome alle cose, agli affetti, alle amicizie, della quale si riappropria a mano a mano che procede a fare i conti con un improbabile presente e fantasmi fin troppo concreti del recente passato.<br />
Cornetto e caffè scorre facile, con l’andamento melodico di quelle canzoni così semplicemente perfette che entrano da subito nella personale hit list – notare i titoli dei capitoli, please. E poi, progressivamente, il ritmo accelera, scarta, il tono cresce, devia in ambiti obliqui, nella lunga notte di una coppia di amici che si erano incontrati al solito posto, nella solita estate afosa di Udine.<br />
A volte si trovano ancora scrittori che sanno raccontarle, le storie.<br />
E questo è solo l’inizio.</h4>
<h4><em>Stefania Nonino</em></h4>
<p>&nbsp;</p>

<p>&nbsp;</p>
<h4>di <strong><a href="http://shop.kappavu.it/KV/autori-al/#fulvio-romanin">FULVIO REDDKAA ROMANIN</a></strong></h4>
<p><strong>Tes dôs contis achì presentadis la Cjargne – anzit, une sô piçule part, confinade linguistichementri – e une sorte di suburbie noturne (ma sì, e je Udin) a coleghin l’imagjinari a un vivi contemporani, che cundut a chel – un pôc plui in bande, un pôc plui inlà – al divente altri, al centri dal global business o tes pleis dal mît ancestrâl.</strong></p>
<p><strong><em>Nei due racconti – uno nella varietà più arcaica di carnico e uno in italiano – la Carnia, anzi una sua piccola parte, confinata linguisticamente ed una sorta di suburbia notturna (ma sì, è Udine), collegano l’immaginario a un vivere contemporaneo, che un po’ discosto, un po’ più in là, diventa altro, al centro del global business o nelle pieghe del mito ancestrale.</em></strong></p>
<p>&nbsp;</p>
