{"id":1910,"date":"2022-04-16T13:25:26","date_gmt":"2022-04-16T11:25:26","guid":{"rendered":"https:\/\/shop.kappavu.it\/KV\/?post_type=product&#038;p=1910"},"modified":"2022-06-21T01:04:46","modified_gmt":"2022-06-20T23:04:46","slug":"inge-e-bach-2-gnovis-storiis","status":"publish","type":"product","link":"https:\/\/shop.kappavu.it\/KV\/prodotto\/inge-e-bach-2-gnovis-storiis\/","title":{"rendered":"INGE E BACH 2 &#8211; GNOVIS STORIIS"},"content":{"rendered":"<h4><\/h4>\n<h4>Di une bande un pari lontan, Luca De Clara, che al sint la nostalgjie par s\u00f4 fie pitinine.<br \/>\nDi ch\u00ea altre bande la fie che i mancje so pari che i leieve lis flabis prin di l\u00e2 a durm\u00ee.<br \/>\nCui mi\u00f4r di doi orsuts rest\u00e2ts cence famee par jempl\u00e2 la lontanance?<br \/>\nE alore il pai al tache a scrivi la storie dai doi orsuts e dal si\u00f4r e de siore Bosoni che ju an cjat\u00e2ts e puart\u00e2ts a Tarvis te l\u00f4r cjase parc\u00e8 che nissun in chest marimont al \u00e0 di rest\u00e2 di bess\u00f4l.<br \/>\nUne volte par m\u00eas lui al torne cjase e al lei ae s\u00f4 frutine une conte che i fasar\u00e0 compagnie par dut il m\u00eas seguit\u00eef, fin che nol tornar\u00e0 so pari cuntune conte gnove.<br \/>\nDodis contis che metudis insiemi a \u00e0n fat nassi il libri \u201cLis storiis di Inge e Bach\u201d.<br \/>\nIntat, cence fal, il timp al passe, la frutine e cres e ancje i doi orsuts a cressin. Une ultime Ist\u00e2t di z\u00fbcs e aventuris cui am\u00ees fin che nol ven Autun, timp di l\u00e2 a scuele. Une gnove cit\u00e2t, une gnove cjase e gn\u00fbfs am\u00ees par gnovis aventuris.<br \/>\nIl pari che al \u00e8 torn\u00e2t a cjase nol \u00e0 mol\u00e2t di cont\u00e2 e scrivi storiis, gnovis storiis par une frute che e cres.<br \/>\nAncje chestis a son stadis metudis insiemi par f\u00e2 un gn\u00fbf libri \u201cInge e Bach gnovis storiis\u201d e come lis primis, ilustradis di une ilustradore, Francesca Gregoricchio, che e je inamorade dai doi orsuts blancs.<\/h4>\n<h4 class=\"std\"><em>Da una parte un padre lontano, che sente la nostralgia per la sua piccolina.<\/em><br \/>\n<em>Dall\u2019altra parte una figlia a cui manca il pap\u00e0 che le leggeva le fiabe prima di andare a dormire.<\/em><br \/>\n<em>Chi meglio di due orsetti restati senza famiglia per riempire la lontananza?<\/em><br \/>\n<em>E allora il pap\u00e0 comincia a scrivere la storia dei due orsetti e del signor e della signora Bosoni che li hanno trovati e portati a Tarvisio, a casa loro, perch\u00e9 nessuno a questo mondo deve restare solo.<\/em><br \/>\n<em>Una volta al mese egli torna a casa e legge alla sua bambina un racconto che le far\u00e0 compagnia per il mese successivo, fin che non torner\u00e0 suo padre con un racconto nuovo.<\/em><br \/>\n<em>Dodici racconti che messi assieme hanno fatto nascere il libro \u201cLis storiis di Inge e Bach\u201d.<\/em><br \/>\n<em>Intanto il tempo passa, la bambina cresce e anche i due orsetti crescono. Un\u2019ultima estate di giochi e avventure con gli amici fin che non arriva autunno, tempo di andare a scuola. Una nuova citt\u00e0, una nuova casa e nuovi amici per nuove avventure.<\/em><br \/>\n<em>Il pap\u00e0 che \u00e8 tornato a casa non ha smesso di raccontare e scrivere storie, storie nuove per una bambina che cresce.<\/em><br \/>\n<em>Anche queste sono state messe assieme per fare un nuovo libro \u201cInge e Bach. Gnovis storiis\u201d e, come le prime, illustrate da una illustratrice, Francesca Gregoricchio, che \u00e8 innamorata dei due orsetti bianchi.<\/em><\/h4>\n<p>&nbsp;<\/p>\n","protected":false},"excerpt":{"rendered":"<p>&nbsp;<\/p>\n<h4>di <strong><a href=\"http:\/\/shop.kappavu.it\/KV\/autori-al\/#luca-de-clara\">LUCA DE CLARA<\/a><\/strong><\/h4>\n<h5>Illustrazioni \/ Ilustrazions: <strong><a href=\"http:\/\/shop.kappavu.it\/KV\/autori-al\/#francesca-gregoricchio\">FRANCESCA GREGORICCHIO<\/a><\/strong><\/h5>\n<p>&nbsp;<\/p>\n<p><strong>Inge e Bach a stan cressint. Come ducj i pi\u00e7ui dal cre\u00e2t ancje l\u00f4r a scuvierzin un p\u00f4c a la volte che il mont nol fin\u00ecs a Tarvis: che f\u00fbr di cjase e je tant int di cognossi, tancj puescj di visit\u00e2 e tantis robis ancjem\u00f2 di impar\u00e2. E vignar\u00e0 a un ciert pont fintremai l\u2019ore di cjap\u00e2 s\u00f9 la cartele e l\u00e2 a scuele cun chei altris fruts. Ma a restaran simpri doi orsuts, Inge e Bach, ninins e simpatics: j\u00ea cul floc col\u00f4r di rose e lui cul floc celest.<\/strong><\/p>\n<p>&nbsp;<\/p>\n","protected":false},"featured_media":1911,"comment_status":"open","ping_status":"closed","template":"","meta":[],"product_brand":[],"product_cat":[24,135,21,164],"product_tag":[494,495,496,921,261,497,498,499,500,503,878,879,1914,1580,488],"class_list":{"0":"post-1910","1":"product","2":"type-product","3":"status-publish","4":"has-post-thumbnail","6":"product_cat-didatiche","7":"product_cat-francesca-gregoricchio","8":"product_cat-friulano","9":"product_cat-luca-de-clara","10":"product_tag-contis-pai-frutins","11":"product_tag-contis-par-furlan","12":"product_tag-francesca-gregoricchio","13":"product_tag-luca-de-clara","14":"product_tag-raccolta-di-racconti","15":"product_tag-raccolta-di-storie","16":"product_tag-racconti-per-bambini","17":"product_tag-racconti-per-bambini-in-friulano","18":"product_tag-racconti-per-ragazzi","19":"product_tag-storie-di-animali","20":"product_tag-storiutis-pai-frutins","21":"product_tag-storiutis-par-furlan","22":"product_tag-tarvis","23":"product_tag-tarvisio","24":"product_tag-traduzioni-in-friulano","26":"first","27":"instock","28":"sale","29":"shipping-taxable","30":"purchasable","31":"product-type-simple","32":"customify-col"},"_links":{"self":[{"href":"https:\/\/shop.kappavu.it\/KV\/wp-json\/wp\/v2\/product\/1910","targetHints":{"allow":["GET"]}}],"collection":[{"href":"https:\/\/shop.kappavu.it\/KV\/wp-json\/wp\/v2\/product"}],"about":[{"href":"https:\/\/shop.kappavu.it\/KV\/wp-json\/wp\/v2\/types\/product"}],"replies":[{"embeddable":true,"href":"https:\/\/shop.kappavu.it\/KV\/wp-json\/wp\/v2\/comments?post=1910"}],"wp:featuredmedia":[{"embeddable":true,"href":"https:\/\/shop.kappavu.it\/KV\/wp-json\/wp\/v2\/media\/1911"}],"wp:attachment":[{"href":"https:\/\/shop.kappavu.it\/KV\/wp-json\/wp\/v2\/media?parent=1910"}],"wp:term":[{"taxonomy":"product_brand","embeddable":true,"href":"https:\/\/shop.kappavu.it\/KV\/wp-json\/wp\/v2\/product_brand?post=1910"},{"taxonomy":"product_cat","embeddable":true,"href":"https:\/\/shop.kappavu.it\/KV\/wp-json\/wp\/v2\/product_cat?post=1910"},{"taxonomy":"product_tag","embeddable":true,"href":"https:\/\/shop.kappavu.it\/KV\/wp-json\/wp\/v2\/product_tag?post=1910"}],"curies":[{"name":"wp","href":"https:\/\/api.w.org\/{rel}","templated":true}]}}

<h4></h4>
<h4>Di une bande un pari lontan, Luca De Clara, che al sint la nostalgjie par sô fie pitinine.<br />
Di chê altre bande la fie che i mancje so pari che i leieve lis flabis prin di lâ a durmî.<br />
Cui miôr di doi orsuts restâts cence famee par jemplâ la lontanance?<br />
E alore il pai al tache a scrivi la storie dai doi orsuts e dal siôr e de siore Bosoni che ju an cjatâts e puartâts a Tarvis te lôr cjase parcè che nissun in chest marimont al à di restâ di bessôl.<br />
Une volte par mês lui al torne cjase e al lei ae sô frutine une conte che i fasarà compagnie par dut il mês seguitîf, fin che nol tornarà so pari cuntune conte gnove.<br />
Dodis contis che metudis insiemi a àn fat nassi il libri “Lis storiis di Inge e Bach”.<br />
Intat, cence fal, il timp al passe, la frutine e cres e ancje i doi orsuts a cressin. Une ultime Istât di zûcs e aventuris cui amîs fin che nol ven Autun, timp di lâ a scuele. Une gnove citât, une gnove cjase e gnûfs amîs par gnovis aventuris.<br />
Il pari che al è tornât a cjase nol à molât di contâ e scrivi storiis, gnovis storiis par une frute che e cres.<br />
Ancje chestis a son stadis metudis insiemi par fâ un gnûf libri “Inge e Bach gnovis storiis” e come lis primis, ilustradis di une ilustradore, Francesca Gregoricchio, che e je inamorade dai doi orsuts blancs.</h4>
<h4 class="std"><em>Da una parte un padre lontano, che sente la nostralgia per la sua piccolina.</em><br />
<em>Dall’altra parte una figlia a cui manca il papà che le leggeva le fiabe prima di andare a dormire.</em><br />
<em>Chi meglio di due orsetti restati senza famiglia per riempire la lontananza?</em><br />
<em>E allora il papà comincia a scrivere la storia dei due orsetti e del signor e della signora Bosoni che li hanno trovati e portati a Tarvisio, a casa loro, perché nessuno a questo mondo deve restare solo.</em><br />
<em>Una volta al mese egli torna a casa e legge alla sua bambina un racconto che le farà compagnia per il mese successivo, fin che non tornerà suo padre con un racconto nuovo.</em><br />
<em>Dodici racconti che messi assieme hanno fatto nascere il libro “Lis storiis di Inge e Bach”.</em><br />
<em>Intanto il tempo passa, la bambina cresce e anche i due orsetti crescono. Un’ultima estate di giochi e avventure con gli amici fin che non arriva autunno, tempo di andare a scuola. Una nuova città, una nuova casa e nuovi amici per nuove avventure.</em><br />
<em>Il papà che è tornato a casa non ha smesso di raccontare e scrivere storie, storie nuove per una bambina che cresce.</em><br />
<em>Anche queste sono state messe assieme per fare un nuovo libro “Inge e Bach. Gnovis storiis” e, come le prime, illustrate da una illustratrice, Francesca Gregoricchio, che è innamorata dei due orsetti bianchi.</em></h4>
<p>&nbsp;</p>

<p>&nbsp;</p>
<h4>di <strong><a href="http://shop.kappavu.it/KV/autori-al/#luca-de-clara">LUCA DE CLARA</a></strong></h4>
<h5>Illustrazioni / Ilustrazions: <strong><a href="http://shop.kappavu.it/KV/autori-al/#francesca-gregoricchio">FRANCESCA GREGORICCHIO</a></strong></h5>
<p>&nbsp;</p>
<p><strong>Inge e Bach a stan cressint. Come ducj i piçui dal creât ancje lôr a scuvierzin un pôc a la volte che il mont nol finìs a Tarvis: che fûr di cjase e je tant int di cognossi, tancj puescj di visitâ e tantis robis ancjemò di imparâ. E vignarà a un ciert pont fintremai l’ore di cjapâ sù la cartele e lâ a scuele cun chei altris fruts. Ma a restaran simpri doi orsuts, Inge e Bach, ninins e simpatics: jê cul floc colôr di rose e lui cul floc celest.</strong></p>
<p>&nbsp;</p>
