{"id":1821,"date":"2022-04-02T14:00:36","date_gmt":"2022-04-02T12:00:36","guid":{"rendered":"https:\/\/shop.kappavu.it\/KV\/?post_type=product&#038;p=1821"},"modified":"2022-05-25T22:55:25","modified_gmt":"2022-05-25T20:55:25","slug":"garage-77","status":"publish","type":"product","link":"https:\/\/shop.kappavu.it\/KV\/prodotto\/garage-77\/","title":{"rendered":"GARAGE 77"},"content":{"rendered":"<h4><\/h4>\n<h4>\u00abClaudio \u2013 Il festival di Stoccarda al \u00e8 un festival gros\u2026 cjape Folkest chi in Fri\u00fbl\u2026 si f\u00e2s a Spilimberc, ma tu tu podis benissim l\u00e2 a sint\u00ee un conciert\u2026 ancje a Lubiane.<\/h4>\n<h4>Elvio \u2013 Alore, il festival di Stoccarda al \u00e8 cuss\u00ec gros, ma cuss\u00ec gros che n\u00fb i podin st\u00e2 ancje in place a Grediscje!\u2026 Cjale, mi sta vegnint un nerv\u00f4s\u2026\u00bb<\/h4>\n<p>&nbsp;<\/p>\n<h4><\/h4>\n<h4><em>La maturit\u00e0 porta con s\u00e9, a volte, un fisiologico calo della passione, un rallentamento dell\u2019esaltazione creativa, una postura pi\u00f9 adagiata sulla stanchezza del quotidiano. Se un tempo erano i 35 anni la met\u00e0 della vita, adesso questo tempo si \u00e8 molto allungato, arrivando alle soglie dei 45 e forse, oltre. Su queste riflessioni, il Teatro Incerto ha portato in scena un nuovo, esilarante, profondo spettacolo di cui questo libretto \u00e8 la sceneggiatura.<\/em><\/h4>\n<p>&nbsp;<\/p>\n","protected":false},"excerpt":{"rendered":"<p>&nbsp;<\/p>\n<h4>del <strong><a href=\"http:\/\/shop.kappavu.it\/KV\/autori-mz\/#teatro-incerto\">TEATRO INCERTO<\/a><\/strong><\/h4>\n<p><strong>La maturit\u00e2t e puarte cun se, des voltis, une diminuzion de passion, un raletament de esaltazion creative, une ande plui strache poiade sul cuotidian. Se une volte a jerin i 35 agns la met\u00e2t de vite, cum\u00f2 il timp al \u00e8 une vore slungj\u00e2t\u2026 Su chestis riflessions, il Teatro Incerto al \u00e0 puart\u00e2t in sene un gn\u00fbf, esilarant e profont spetacul. Chest libri al \u00e8 la senegjature.<\/strong><\/p>\n<p>&nbsp;<\/p>\n","protected":false},"featured_media":1822,"comment_status":"open","ping_status":"closed","template":"","meta":[],"product_brand":[],"product_cat":[21,22,210],"product_tag":[1805,254,255,313,1807,1808,258,261,316,259,260,317,318,1820,1821,1811,1810,1812],"class_list":{"0":"post-1821","1":"product","2":"type-product","3":"status-publish","4":"has-post-thumbnail","6":"product_cat-friulano","7":"product_cat-la_comugne","8":"product_cat-teatro-incerto","9":"product_tag-claudio-moretti","10":"product_tag-contis","11":"product_tag-contis-curtis","12":"product_tag-contis-curtis-par-furlan","13":"product_tag-elvio-scruzzi","14":"product_tag-fabiano-fantini","15":"product_tag-la-comugne","16":"product_tag-raccolta-di-racconti","17":"product_tag-raccolta-di-racconti-in-friulano","18":"product_tag-racconti","19":"product_tag-racconti-brevi","20":"product_tag-racconti-in-friulano","21":"product_tag-racuelte-di-contis-par-furlan","22":"product_tag-sceneggiatura","23":"product_tag-senegjature","24":"product_tag-teatri-par-furlan","25":"product_tag-teatro-in-friulano","26":"product_tag-teatro-incerto","28":"first","29":"instock","30":"sale","31":"shipping-taxable","32":"purchasable","33":"product-type-simple","34":"customify-col"},"_links":{"self":[{"href":"https:\/\/shop.kappavu.it\/KV\/wp-json\/wp\/v2\/product\/1821","targetHints":{"allow":["GET"]}}],"collection":[{"href":"https:\/\/shop.kappavu.it\/KV\/wp-json\/wp\/v2\/product"}],"about":[{"href":"https:\/\/shop.kappavu.it\/KV\/wp-json\/wp\/v2\/types\/product"}],"replies":[{"embeddable":true,"href":"https:\/\/shop.kappavu.it\/KV\/wp-json\/wp\/v2\/comments?post=1821"}],"wp:featuredmedia":[{"embeddable":true,"href":"https:\/\/shop.kappavu.it\/KV\/wp-json\/wp\/v2\/media\/1822"}],"wp:attachment":[{"href":"https:\/\/shop.kappavu.it\/KV\/wp-json\/wp\/v2\/media?parent=1821"}],"wp:term":[{"taxonomy":"product_brand","embeddable":true,"href":"https:\/\/shop.kappavu.it\/KV\/wp-json\/wp\/v2\/product_brand?post=1821"},{"taxonomy":"product_cat","embeddable":true,"href":"https:\/\/shop.kappavu.it\/KV\/wp-json\/wp\/v2\/product_cat?post=1821"},{"taxonomy":"product_tag","embeddable":true,"href":"https:\/\/shop.kappavu.it\/KV\/wp-json\/wp\/v2\/product_tag?post=1821"}],"curies":[{"name":"wp","href":"https:\/\/api.w.org\/{rel}","templated":true}]}}

<h4></h4>
<h4>«Claudio – Il festival di Stoccarda al è un festival gros… cjape Folkest chi in Friûl… si fâs a Spilimberc, ma tu tu podis benissim lâ a sintî un conciert… ancje a Lubiane.</h4>
<h4>Elvio – Alore, il festival di Stoccarda al è cussì gros, ma cussì gros che nû i podin stâ ancje in place a Grediscje!… Cjale, mi sta vegnint un nervôs…»</h4>
<p>&nbsp;</p>
<h4></h4>
<h4><em>La maturità porta con sé, a volte, un fisiologico calo della passione, un rallentamento dell’esaltazione creativa, una postura più adagiata sulla stanchezza del quotidiano. Se un tempo erano i 35 anni la metà della vita, adesso questo tempo si è molto allungato, arrivando alle soglie dei 45 e forse, oltre. Su queste riflessioni, il Teatro Incerto ha portato in scena un nuovo, esilarante, profondo spettacolo di cui questo libretto è la sceneggiatura.</em></h4>
<p>&nbsp;</p>

<p>&nbsp;</p>
<h4>del <strong><a href="http://shop.kappavu.it/KV/autori-mz/#teatro-incerto">TEATRO INCERTO</a></strong></h4>
<p><strong>La maturitât e puarte cun se, des voltis, une diminuzion de passion, un raletament de esaltazion creative, une ande plui strache poiade sul cuotidian. Se une volte a jerin i 35 agns la metât de vite, cumò il timp al è une vore slungjât… Su chestis riflessions, il Teatro Incerto al à puartât in sene un gnûf, esilarant e profont spetacul. Chest libri al è la senegjature.</strong></p>
<p>&nbsp;</p>
