{"id":1690,"date":"2022-03-03T19:35:15","date_gmt":"2022-03-03T18:35:15","guid":{"rendered":"https:\/\/shop.kappavu.it\/KV\/?post_type=product&#038;p=1690"},"modified":"2025-05-03T12:59:52","modified_gmt":"2025-05-03T10:59:52","slug":"il-razzismo-fascista","status":"publish","type":"product","link":"https:\/\/shop.kappavu.it\/KV\/prodotto\/il-razzismo-fascista\/","title":{"rendered":"IL RAZZISMO FASCISTA Trieste, 18 settembre 1938"},"content":{"rendered":"<h4><\/h4>\n<h4>Lo scopo del presente libro \u00e8 di far capire di pi\u00f9 il fenomeno storico del razzismo fascista. In particolare ai giovani, ai quali poco o nulla \u00e8 stato raccontato di tale problema che rivela l\u2019essenza della dittatura di Mussolini. L\u2019intento \u00e8 quindi di tipo seriamente divulgativo.<br \/>\nQueste pagine raccolgono quanto esposto da ricercatori di storia e altri intervenuti al convegno svolto a Trieste il 19 settembre 2013 (in parte ripresentati a Muggia il 17 novembre).<br \/>\nFu proprio la cosiddetta \u201cadunata oceanica\u201d del 18 settembre 1938 di Piazza Unit\u00e0 a costituire l\u2019evento inaugurale dell\u2019infausta politica di discriminazione e repressione. Alle masse inquadrate dal regime ed esaltate dalle frasi ad effetto del \u201cduce\u201d venne annunciata l\u2019imminente emanazione delle leggi razziali.<br \/>\nLe relazioni e le testimonianze qui riprodotte disegnano un quadro vivo e pulsante del pregiudizio razziale, antiebraico e non solo. I documenti prodotti dal regime fascista permettono di conoscere meglio le leggi e i decreti che regolamentavano l\u2019oppressione degli ebrei e di molti altri soggetti diversi e, in quanto tali, sospetti.<br \/>\nIl ricco inserto fotografico rende esplicito il grado di manipolazione di un capillare potere gerarchico, da l\u00ec a poco distrutto dalla guerra mondiale. Purtroppo la mentalit\u00e0 autoritaria e nostalgica, causa ed effetto del razzismo, si sta riproponendo con forza ovunque: Trieste, Italia, Europa e non solo.<br \/>\nSi spera che questo lavoro, promosso dai Cittadini Liberi ed Eguali, possa contribuire, nei suoi limiti, alla presa di coscienza della necessaria solidariet\u00e0 umana. E\u2019 la condizione indispensabile per affrontare, e magari sconfiggere, la malapianta del razzismo.<\/h4>\n<p>&nbsp;<\/p>\n","protected":false},"excerpt":{"rendered":"<p>&nbsp;<\/p>\n<h4>a cura di <strong><a href=\"http:\/\/shop.kappavu.it\/KV\/autori-al\/#claudio-cossu\">CLAUDIO COSSU<\/a><\/strong> e <strong><a href=\"http:\/\/shop.kappavu.it\/KV\/autori-al\/#claudio-venza\">CLAUDIO VENZA<\/a><\/strong><\/h4>\n<h5><strong>Prefazione di <span style=\"color: #800000;\">Fulvio Camerini<\/span><\/strong><\/h5>\n<h5><strong>in collaborazione con i\u00a0<span style=\"color: #800000;\">Cittadini Liberi ed Eguali di Trieste<\/span><\/strong><\/h5>\n<div class=\"\">\n<p><strong>Questo libro aiuta a capire il fenomeno, triste ma reale, del razzismo fascista. La storia serve a comprendere un passato da incubo per evitare che oggi si ripresentino dittature e discriminazioni razziali.<\/strong><br \/>\n<strong>Tali pagine ospitano precise informazioni su un argomento ancora non del tutto studiato a Trieste e altrove. Troviamo i contributi di Silva Bon, Anna Maria Vinci e altri, testimonianze preziose, come quella di Stanka Hrovatin, i freddi testi dei provvedimenti razziali e le inquietanti fotografie del 18 settembre 1938 in Piazza Unit\u00e0, luogo scelto da Mussolini per dare l\u2019annuncio delle leggi razziali.<\/strong><br \/>\n<strong>Gli applausi frenetici al \u201cduce\u201d si trasformarono, nel giro di pochi anni, nelle numerose delazioni del collaborazionismo filonazista e nella tragedia dei lager. La Risiera di San Sabba, con le torture verso ebrei, partigiani e altri, rappresenta oggi il luogo della memoria antirazzista. Per\u00f2 essa \u00e8 anche l\u2019epilogo dell\u2019entusiasmo incosciente della folla accorsa quella mattina di settembre.<\/strong><\/p>\n<p>&nbsp;<\/p>\n<\/div>\n","protected":false},"featured_media":1481,"comment_status":"open","ping_status":"closed","template":"","meta":[],"product_brand":[],"product_cat":[58,59,19],"product_tag":[1030,1031,822,1037,1038,227,1032,1039,827,1033,828,281,1034,1035,1036,443,620],"class_list":{"0":"post-1690","1":"product","2":"type-product","3":"status-publish","4":"has-post-thumbnail","6":"product_cat-claudio-cossu","7":"product_cat-claudio-venza","8":"product_cat-storia","9":"product_tag-18-settembre-1938","10":"product_tag-adunata-oceanica","11":"product_tag-antifascisti-italiani","12":"product_tag-claudio-cossu","13":"product_tag-claudio-venza","14":"product_tag-fascismo","15":"product_tag-fascismo-a-trieste","16":"product_tag-fulvio-camerini","17":"product_tag-italia-fascista","18":"product_tag-leggi-razziali","19":"product_tag-lotta-al-fascismo","20":"product_tag-lotta-antifascista","21":"product_tag-mussolini-a-trieste","22":"product_tag-piazza-unita","23":"product_tag-razzismo","24":"product_tag-razzismo-fascista","25":"product_tag-trieste","27":"first","28":"instock","29":"shipping-taxable","30":"purchasable","31":"product-type-simple","32":"customify-col"},"_links":{"self":[{"href":"https:\/\/shop.kappavu.it\/KV\/wp-json\/wp\/v2\/product\/1690","targetHints":{"allow":["GET"]}}],"collection":[{"href":"https:\/\/shop.kappavu.it\/KV\/wp-json\/wp\/v2\/product"}],"about":[{"href":"https:\/\/shop.kappavu.it\/KV\/wp-json\/wp\/v2\/types\/product"}],"replies":[{"embeddable":true,"href":"https:\/\/shop.kappavu.it\/KV\/wp-json\/wp\/v2\/comments?post=1690"}],"wp:featuredmedia":[{"embeddable":true,"href":"https:\/\/shop.kappavu.it\/KV\/wp-json\/wp\/v2\/media\/1481"}],"wp:attachment":[{"href":"https:\/\/shop.kappavu.it\/KV\/wp-json\/wp\/v2\/media?parent=1690"}],"wp:term":[{"taxonomy":"product_brand","embeddable":true,"href":"https:\/\/shop.kappavu.it\/KV\/wp-json\/wp\/v2\/product_brand?post=1690"},{"taxonomy":"product_cat","embeddable":true,"href":"https:\/\/shop.kappavu.it\/KV\/wp-json\/wp\/v2\/product_cat?post=1690"},{"taxonomy":"product_tag","embeddable":true,"href":"https:\/\/shop.kappavu.it\/KV\/wp-json\/wp\/v2\/product_tag?post=1690"}],"curies":[{"name":"wp","href":"https:\/\/api.w.org\/{rel}","templated":true}]}}

<h4></h4>
<h4>Lo scopo del presente libro è di far capire di più il fenomeno storico del razzismo fascista. In particolare ai giovani, ai quali poco o nulla è stato raccontato di tale problema che rivela l’essenza della dittatura di Mussolini. L’intento è quindi di tipo seriamente divulgativo.<br />
Queste pagine raccolgono quanto esposto da ricercatori di storia e altri intervenuti al convegno svolto a Trieste il 19 settembre 2013 (in parte ripresentati a Muggia il 17 novembre).<br />
Fu proprio la cosiddetta “adunata oceanica” del 18 settembre 1938 di Piazza Unità a costituire l’evento inaugurale dell’infausta politica di discriminazione e repressione. Alle masse inquadrate dal regime ed esaltate dalle frasi ad effetto del “duce” venne annunciata l’imminente emanazione delle leggi razziali.<br />
Le relazioni e le testimonianze qui riprodotte disegnano un quadro vivo e pulsante del pregiudizio razziale, antiebraico e non solo. I documenti prodotti dal regime fascista permettono di conoscere meglio le leggi e i decreti che regolamentavano l’oppressione degli ebrei e di molti altri soggetti diversi e, in quanto tali, sospetti.<br />
Il ricco inserto fotografico rende esplicito il grado di manipolazione di un capillare potere gerarchico, da lì a poco distrutto dalla guerra mondiale. Purtroppo la mentalità autoritaria e nostalgica, causa ed effetto del razzismo, si sta riproponendo con forza ovunque: Trieste, Italia, Europa e non solo.<br />
Si spera che questo lavoro, promosso dai Cittadini Liberi ed Eguali, possa contribuire, nei suoi limiti, alla presa di coscienza della necessaria solidarietà umana. E’ la condizione indispensabile per affrontare, e magari sconfiggere, la malapianta del razzismo.</h4>
<p>&nbsp;</p>

<p>&nbsp;</p>
<h4>a cura di <strong><a href="http://shop.kappavu.it/KV/autori-al/#claudio-cossu">CLAUDIO COSSU</a></strong> e <strong><a href="http://shop.kappavu.it/KV/autori-al/#claudio-venza">CLAUDIO VENZA</a></strong></h4>
<h5><strong>Prefazione di <span style="color: #800000;">Fulvio Camerini</span></strong></h5>
<h5><strong>in collaborazione con i <span style="color: #800000;">Cittadini Liberi ed Eguali di Trieste</span></strong></h5>
<div class="">
<p><strong>Questo libro aiuta a capire il fenomeno, triste ma reale, del razzismo fascista. La storia serve a comprendere un passato da incubo per evitare che oggi si ripresentino dittature e discriminazioni razziali.</strong><br />
<strong>Tali pagine ospitano precise informazioni su un argomento ancora non del tutto studiato a Trieste e altrove. Troviamo i contributi di Silva Bon, Anna Maria Vinci e altri, testimonianze preziose, come quella di Stanka Hrovatin, i freddi testi dei provvedimenti razziali e le inquietanti fotografie del 18 settembre 1938 in Piazza Unità, luogo scelto da Mussolini per dare l’annuncio delle leggi razziali.</strong><br />
<strong>Gli applausi frenetici al “duce” si trasformarono, nel giro di pochi anni, nelle numerose delazioni del collaborazionismo filonazista e nella tragedia dei lager. La Risiera di San Sabba, con le torture verso ebrei, partigiani e altri, rappresenta oggi il luogo della memoria antirazzista. Però essa è anche l’epilogo dell’entusiasmo incosciente della folla accorsa quella mattina di settembre.</strong></p>
<p>&nbsp;</p>
</div>
