{"id":1656,"date":"2022-03-02T11:34:29","date_gmt":"2022-03-02T10:34:29","guid":{"rendered":"https:\/\/shop.kappavu.it\/KV\/?post_type=product&#038;p=1656"},"modified":"2022-05-25T23:05:38","modified_gmt":"2022-05-25T21:05:38","slug":"gente-di-jazz","status":"publish","type":"product","link":"https:\/\/shop.kappavu.it\/KV\/prodotto\/gente-di-jazz\/","title":{"rendered":"GENTE DI JAZZ"},"content":{"rendered":"<h4><\/h4>\n<h4><\/h4>\n<h4><span class=\"\">Questo libro raccoglie una serie di interviste e dialoghi tra il giornalista e divulgatore di jazz Gerlando Gatto e una schiera di musicisti che, in epoche anche molto diverse, sono intervenuti al Festival \u201cUdin&amp;Jazz\u201d, rassegna che da ventisette anni si svolge nel capoluogo friulano.<\/span><\/h4>\n<h4><span class=\"\">Il filo che lega dunque la presenza di questi artisti in questa raccolta \u00e8 l\u2019aver preso parte a questa manifestazione che, anche attraverso di loro, ha costituito una sorta di avamposto culturale e artistico, divenendo luogo di incontro e sviluppo dei progetti musicali pi\u00f9 diversi, in una regione che storicamente \u00e8 stata porta chiusa tra due mondi contrapposti e che ora invece accoglie e ospita con curiosit\u00e0 e attenzione tali diversit\u00e0, e le fa proprie (almeno questo \u00e8 l\u2019auspicio degli organizzatori di Euritmica).<\/span><\/h4>\n<h4><span class=\"\">Le domande e gli approfondimenti proposti da Gerlando indagando i vari aspetti umani e artistici di questi musicisti, risultano interessanti e rappresentativi della ricchezza insita nel mondo del jazz e nei protagonisti che ne compongono il variegato mosaico.<\/span><\/h4>\n<p>&nbsp;<\/p>\n<h4><strong>RECENSIONE di <span style=\"color: #ff0000;\">Fabio Ciminiera<\/span> su\u00a0JAZZ CONVENTION<\/strong><\/h4>\n<p><a href=\"http:\/\/www.jazzconvention.net\/index.php?option=com_content&amp;view=article&amp;id=3419:gerlando-gatto-gente-di-jazz&amp;catid=1:articoli&amp;Itemid=10\">http:\/\/www.jazzconvention.net\/index.php?option=com_content&amp;view=article&amp;id=3419:gerlando-gatto-gente-di-jazz&amp;catid=1:articoli&amp;Itemid=10<\/a><\/p>\n<p>&nbsp;<\/p>\n","protected":false},"excerpt":{"rendered":"<h4><span style=\"color: #800000;\"><em>INTERVISTE E PERSONAGGI DENTRO UN FESTIVAL JAZZ<\/em><\/span><\/h4>\n<p>&nbsp;<\/p>\n<h4>di <strong><a href=\"http:\/\/shop.kappavu.it\/KV\/autori-al\/#gerlando-gatto\">GERLANDO GATTO<\/a><\/strong><\/h4>\n<p><strong><span class=\"\">Questo libro raccoglie una serie di interviste e dialoghi tra il giornalista e divulgatore di jazz Gerlando Gatto e una schiera di musicisti che, in epoche anche molto diverse, sono intervenuti al Festival \u201cUdin&amp;Jazz\u201d, rassegna che da ventisette anni si svolge nel capoluogo friulano.<\/span><\/strong><\/p>\n<p>&nbsp;<\/p>\n<p><span style=\"color: #800000;\"><em><strong>Co-edito con l\u2019associazione culturale EURITMICA di Udine, organizzatrice del festival internazionale Udin&amp;Jazz<\/strong><\/em><\/span><\/p>\n<p><strong>Prefazione di Paolo Fresu<\/strong><\/p>\n<p><strong>Postfazione di Fabio Turchini<\/strong><\/p>\n<p>&nbsp;<\/p>\n","protected":false},"featured_media":1464,"comment_status":"open","ping_status":"closed","template":"","meta":[],"product_brand":[],"product_cat":[141,31],"product_tag":[838,839,840,841,842,843,844,845,523,846,847,848,849,850,851,852,853,854,855,856,857,858,859,860,861,862,863,864,865],"class_list":{"0":"post-1656","1":"product","2":"type-product","3":"status-publish","4":"has-post-thumbnail","6":"product_cat-gerlando-gatto","7":"product_cat-teatro_e_musica","8":"product_tag-claudio-cojaniz","9":"product_tag-enrico-rava","10":"product_tag-euritmica","11":"product_tag-fabio-turchini","12":"product_tag-festival-jazz","13":"product_tag-festival-musica","14":"product_tag-francesco-bearzatti","15":"product_tag-gerlando-gatto","16":"product_tag-giancarlo-velliscig","17":"product_tag-gonzalo-rubalcaba","18":"product_tag-interviste-a-musicisti","19":"product_tag-interviste-jazz","20":"product_tag-interviste-musica","21":"product_tag-jazz","22":"product_tag-jazz-a-udine","23":"product_tag-jazz-in-friuli","24":"product_tag-joe-zawinul","25":"product_tag-mc-coy-tyner","26":"product_tag-michel-petrucciani","27":"product_tag-mino-cinelu","28":"product_tag-musica-jazz","29":"product_tag-musicisti-jazz","30":"product_tag-paolo-fresu","31":"product_tag-raccolta-di-interviste","32":"product_tag-rassegna-musicale","33":"product_tag-roberto-gatto","34":"product_tag-stefano-bollani","35":"product_tag-udinjazz","36":"product_tag-udine-jazz","38":"first","39":"instock","40":"shipping-taxable","41":"purchasable","42":"product-type-simple","43":"customify-col"},"_links":{"self":[{"href":"https:\/\/shop.kappavu.it\/KV\/wp-json\/wp\/v2\/product\/1656","targetHints":{"allow":["GET"]}}],"collection":[{"href":"https:\/\/shop.kappavu.it\/KV\/wp-json\/wp\/v2\/product"}],"about":[{"href":"https:\/\/shop.kappavu.it\/KV\/wp-json\/wp\/v2\/types\/product"}],"replies":[{"embeddable":true,"href":"https:\/\/shop.kappavu.it\/KV\/wp-json\/wp\/v2\/comments?post=1656"}],"wp:featuredmedia":[{"embeddable":true,"href":"https:\/\/shop.kappavu.it\/KV\/wp-json\/wp\/v2\/media\/1464"}],"wp:attachment":[{"href":"https:\/\/shop.kappavu.it\/KV\/wp-json\/wp\/v2\/media?parent=1656"}],"wp:term":[{"taxonomy":"product_brand","embeddable":true,"href":"https:\/\/shop.kappavu.it\/KV\/wp-json\/wp\/v2\/product_brand?post=1656"},{"taxonomy":"product_cat","embeddable":true,"href":"https:\/\/shop.kappavu.it\/KV\/wp-json\/wp\/v2\/product_cat?post=1656"},{"taxonomy":"product_tag","embeddable":true,"href":"https:\/\/shop.kappavu.it\/KV\/wp-json\/wp\/v2\/product_tag?post=1656"}],"curies":[{"name":"wp","href":"https:\/\/api.w.org\/{rel}","templated":true}]}}

<h4></h4>
<h4></h4>
<h4><span class="">Questo libro raccoglie una serie di interviste e dialoghi tra il giornalista e divulgatore di jazz Gerlando Gatto e una schiera di musicisti che, in epoche anche molto diverse, sono intervenuti al Festival “Udin&amp;Jazz”, rassegna che da ventisette anni si svolge nel capoluogo friulano.</span></h4>
<h4><span class="">Il filo che lega dunque la presenza di questi artisti in questa raccolta è l’aver preso parte a questa manifestazione che, anche attraverso di loro, ha costituito una sorta di avamposto culturale e artistico, divenendo luogo di incontro e sviluppo dei progetti musicali più diversi, in una regione che storicamente è stata porta chiusa tra due mondi contrapposti e che ora invece accoglie e ospita con curiosità e attenzione tali diversità, e le fa proprie (almeno questo è l’auspicio degli organizzatori di Euritmica).</span></h4>
<h4><span class="">Le domande e gli approfondimenti proposti da Gerlando indagando i vari aspetti umani e artistici di questi musicisti, risultano interessanti e rappresentativi della ricchezza insita nel mondo del jazz e nei protagonisti che ne compongono il variegato mosaico.</span></h4>
<p>&nbsp;</p>
<h4><strong>RECENSIONE di <span style="color: #ff0000;">Fabio Ciminiera</span> su JAZZ CONVENTION</strong></h4>
<p><a href="http://www.jazzconvention.net/index.php?option=com_content&amp;view=article&amp;id=3419:gerlando-gatto-gente-di-jazz&amp;catid=1:articoli&amp;Itemid=10">http://www.jazzconvention.net/index.php?option=com_content&amp;view=article&amp;id=3419:gerlando-gatto-gente-di-jazz&amp;catid=1:articoli&amp;Itemid=10</a></p>
<p>&nbsp;</p>
