{"id":1630,"date":"2022-03-01T01:36:40","date_gmt":"2022-03-01T00:36:40","guid":{"rendered":"https:\/\/shop.kappavu.it\/KV\/?post_type=product&#038;p=1630"},"modified":"2023-09-27T08:05:40","modified_gmt":"2023-09-27T06:05:40","slug":"fameis-1","status":"publish","type":"product","link":"https:\/\/shop.kappavu.it\/KV\/prodotto\/fameis-1\/","title":{"rendered":"FAMEIS 1 &#8211; M\u00ea mari e f\u00e2s il marangon"},"content":{"rendered":"<h4><\/h4>\n<h4 class=\"p1\"><span class=\"s1\">I<\/span>l progjet editori\u00e2l de Kappa Vu \u201cFameis\u201d, che al previ\u00f4t la realizazion di s\u00ees libruts scrits e ilustr\u00e2ts de brave Francesca Gregoricchio par cont\u00e2 i diviers m\u00fbts di jessi famee inte societ\u00e2t contemporanie, al \u00e8 st\u00e2t tra chei plui prese\u00e2ts dal Comit\u00e2t Tecnic Sientific de ARLeF. Al \u00e8 f\u00fbr di dubi che i cambiaments soci\u00e2i e cultur\u00e2i di chescj agns \u2013 il mud\u00e2t r\u00fbl de femine, lis trasformazions intal cjamp dal lav\u00f4r, l\u2019inurbament, lis migrazions \u2013 a \u00e0n influ\u00eet in maniere fuarte ancje sul concet di famee. Lis situazions che si son creadis cun sveltece e ancjetante spontaneit\u00e2t a son aromai tant svariadis e cuasi impussibilis di codific\u00e2 cui criteris tradizion\u00e2i. Ancje i educad\u00f4rs e i insegnants za dal n\u00eet e de scuele de infanzie a \u00e0n di front\u00e2 ogni d\u00ec la sfide dal rapuart educat\u00eef cun fruts che a vegnin des situazions famili\u00e2rs plui svariadis, risult\u00e2t ancje dal messedament di lenghis, etniis, culturis. Cheste situazion e pues cre\u00e2 malst\u00e2 e emargjinazion o un ricognossiment seren de diversit\u00e2t e\/o complessit\u00e2t e fintremai une ricjece cultur\u00e2l. La autore contant lis storiis des s\u00f4s \u201cFameis\u201d cui voi delic\u00e2ts dal plui pi\u00e7ul dai siei components, e siel\u00e7 dal sig\u00fbr la seconde opzion e e met al centri ce che \u2013 ancje intun mont simpri plui compl\u00e8s \u2013 al \u00e8 impuartant pardabon, cence tign\u00ee cont dal ricognossiment istituzion\u00e2l, cuant che o fevel\u00ecn di famee, o sedi sigurece, afiet, fiducie mutu\u00e2l e serenit\u00e2t. Al \u00e8 ancje une vore significat\u00eef che un progjet inovat\u00eef tant che chest al sedi st\u00e2t pens\u00e2t e fat in lenghe furlane, zontant ancje l\u2019audio, confermant che cu la stesse si rive a esprimi intal m\u00fbt plui adat la contemporaneit\u00e2t, la societ\u00e2t di cum\u00f2 e lis s\u00f4s componentis in trasformazion continue.<\/h4>\n<h4 class=\"p1\"><em>Lorenzo Fabbro<\/em>\u00a0\u2013 president de ARLeF \u2013 Agjenzie Regjon\u00e2l pe Lenghe Furlane<\/h4>\n<p>&nbsp;<\/p>\n","protected":false},"excerpt":{"rendered":"<p>&nbsp;<\/p>\n<h4>di <strong><a href=\"http:\/\/shop.kappavu.it\/KV\/autori-al\/#francesca-gregoricchio\">FRANCESCA GREGORICCHIO<\/a><\/strong><\/h4>\n<p class=\"p1\"><strong>Loreta e \u00e0 une famee che e parar\u00e8s un p\u00f4c strambe. Ma ce isal di stramp tal v\u00ea une mari che e see, e inclaude, e incole e un pari che di sabide si met a sopress\u00e2? E met\u00ecn dongje ancje un fradi di tr\u00ea metris e une s\u00fbr inmagadore. Par Loreta cheste e je la famee, la uniche, la s\u00f4. Nol \u00e0 impuartance par j\u00ea cui che al f\u00e2s ce, cul\u00ec j\u00ea e cjate comprension, am\u00f4r e rispiet.<\/strong><\/p>\n<p class=\"p1\"><strong><em>Loretta ha una famiglia che sembra un po\u2019 strana. Ma cosa c\u2019\u00e8 di strano nell\u2019avere una mamma che sega, inchioda, incolla e un pap\u00e0 che di sabato si mette a stirare? E aggiungiamoci anche un fratello di tre metri e una sorella streghetta. Per Loretta questa \u00e8 la famiglia, l\u2019unica, la sua. Non ha importanza per lei chi fa che cosa, qui trova comprensione, amore e rispetto.<\/em><\/strong><\/p>\n<p>&nbsp;<\/p>\n<h5><a href=\"https:\/\/www.youtube.com\/watch?v=iOHXLx40vvw&amp;t=28s\"><span style=\"color: #000080;\"><strong>GUARDA IL VIDEO DI PRESENTAZIONE<\/strong><\/span><\/a><\/h5>\n<p>&nbsp;<\/p>\n","protected":false},"featured_media":1448,"comment_status":"open","ping_status":"closed","template":"","meta":[],"product_brand":[],"product_cat":[24,135,21],"product_tag":[683,684,685,686,687,496,688,689,690,691,692,693,694,695,696,697],"class_list":{"0":"post-1630","1":"product","2":"type-product","3":"status-publish","4":"has-post-thumbnail","6":"product_cat-didatiche","7":"product_cat-francesca-gregoricchio","8":"product_cat-friulano","9":"product_tag-arlef","10":"product_tag-didatiche","11":"product_tag-didatiche-furlane","12":"product_tag-didatiche-par-furlan","13":"product_tag-didattica-in-friulano","14":"product_tag-francesca-gregoricchio","15":"product_tag-libri-illustrati-in-friulano","16":"product_tag-libri-illustrati-per-bambini","17":"product_tag-libri-per-bambini-in-friulano","18":"product_tag-progetti-arlef","19":"product_tag-testi-in-lingua-friulana","20":"product_tag-testi-per-bambini-sulla-famiglia","21":"product_tag-testi-per-scuola-primaria","22":"product_tag-testi-scolastici-in-friulano","23":"product_tag-testi-sulla-famiglia","24":"product_tag-testo-sul-lavoro","26":"first","27":"instock","28":"shipping-taxable","29":"purchasable","30":"product-type-simple","31":"customify-col"},"_links":{"self":[{"href":"https:\/\/shop.kappavu.it\/KV\/wp-json\/wp\/v2\/product\/1630","targetHints":{"allow":["GET"]}}],"collection":[{"href":"https:\/\/shop.kappavu.it\/KV\/wp-json\/wp\/v2\/product"}],"about":[{"href":"https:\/\/shop.kappavu.it\/KV\/wp-json\/wp\/v2\/types\/product"}],"replies":[{"embeddable":true,"href":"https:\/\/shop.kappavu.it\/KV\/wp-json\/wp\/v2\/comments?post=1630"}],"wp:featuredmedia":[{"embeddable":true,"href":"https:\/\/shop.kappavu.it\/KV\/wp-json\/wp\/v2\/media\/1448"}],"wp:attachment":[{"href":"https:\/\/shop.kappavu.it\/KV\/wp-json\/wp\/v2\/media?parent=1630"}],"wp:term":[{"taxonomy":"product_brand","embeddable":true,"href":"https:\/\/shop.kappavu.it\/KV\/wp-json\/wp\/v2\/product_brand?post=1630"},{"taxonomy":"product_cat","embeddable":true,"href":"https:\/\/shop.kappavu.it\/KV\/wp-json\/wp\/v2\/product_cat?post=1630"},{"taxonomy":"product_tag","embeddable":true,"href":"https:\/\/shop.kappavu.it\/KV\/wp-json\/wp\/v2\/product_tag?post=1630"}],"curies":[{"name":"wp","href":"https:\/\/api.w.org\/{rel}","templated":true}]}}

FAMEIS 1 &#8211; Mê mari e fâs il marangon

<h4></h4>
<h4 class="p1"><span class="s1">I</span>l progjet editoriâl de Kappa Vu “Fameis”, che al previôt la realizazion di sîs libruts scrits e ilustrâts de brave Francesca Gregoricchio par contâ i diviers mûts di jessi famee inte societât contemporanie, al è stât tra chei plui preseâts dal Comitât Tecnic Sientific de ARLeF. Al è fûr di dubi che i cambiaments sociâi e culturâi di chescj agns – il mudât rûl de femine, lis trasformazions intal cjamp dal lavôr, l’inurbament, lis migrazions – a àn influît in maniere fuarte ancje sul concet di famee. Lis situazions che si son creadis cun sveltece e ancjetante spontaneitât a son aromai tant svariadis e cuasi impussibilis di codificâ cui criteris tradizionâi. Ancje i educadôrs e i insegnants za dal nît e de scuele de infanzie a àn di frontâ ogni dì la sfide dal rapuart educatîf cun fruts che a vegnin des situazions familiârs plui svariadis, risultât ancje dal messedament di lenghis, etniis, culturis. Cheste situazion e pues creâ malstâ e emargjinazion o un ricognossiment seren de diversitât e/o complessitât e fintremai une ricjece culturâl. La autore contant lis storiis des sôs “Fameis” cui voi delicâts dal plui piçul dai siei components, e sielç dal sigûr la seconde opzion e e met al centri ce che – ancje intun mont simpri plui complès – al è impuartant pardabon, cence tignî cont dal ricognossiment istituzionâl, cuant che o fevelìn di famee, o sedi sigurece, afiet, fiducie mutuâl e serenitât. Al è ancje une vore significatîf che un progjet inovatîf tant che chest al sedi stât pensât e fat in lenghe furlane, zontant ancje l’audio, confermant che cu la stesse si rive a esprimi intal mût plui adat la contemporaneitât, la societât di cumò e lis sôs componentis in trasformazion continue.</h4>
<h4 class="p1"><em>Lorenzo Fabbro</em> – president de ARLeF – Agjenzie Regjonâl pe Lenghe Furlane</h4>
<p>&nbsp;</p>

<p>&nbsp;</p>
<h4>di <strong><a href="http://shop.kappavu.it/KV/autori-al/#francesca-gregoricchio">FRANCESCA GREGORICCHIO</a></strong></h4>
<p class="p1"><strong>Loreta e à une famee che e pararès un pôc strambe. Ma ce isal di stramp tal vê une mari che e see, e inclaude, e incole e un pari che di sabide si met a sopressâ? E metìn dongje ancje un fradi di trê metris e une sûr inmagadore. Par Loreta cheste e je la famee, la uniche, la sô. Nol à impuartance par jê cui che al fâs ce, culì jê e cjate comprension, amôr e rispiet.</strong></p>
<p class="p1"><strong><em>Loretta ha una famiglia che sembra un po’ strana. Ma cosa c’è di strano nell’avere una mamma che sega, inchioda, incolla e un papà che di sabato si mette a stirare? E aggiungiamoci anche un fratello di tre metri e una sorella streghetta. Per Loretta questa è la famiglia, l’unica, la sua. Non ha importanza per lei chi fa che cosa, qui trova comprensione, amore e rispetto.</em></strong></p>
<p>&nbsp;</p>
<h5><a href="https://www.youtube.com/watch?v=iOHXLx40vvw&amp;t=28s"><span style="color: #000080;"><strong>GUARDA IL VIDEO DI PRESENTAZIONE</strong></span></a></h5>
<p>&nbsp;</p>
