{"id":1606,"date":"2022-02-28T16:16:07","date_gmt":"2022-02-28T15:16:07","guid":{"rendered":"https:\/\/shop.kappavu.it\/KV\/?post_type=product&#038;p=1606"},"modified":"2022-05-23T04:27:29","modified_gmt":"2022-05-23T02:27:29","slug":"faliscjis","status":"publish","type":"product","link":"https:\/\/shop.kappavu.it\/KV\/prodotto\/faliscjis\/","title":{"rendered":"FALISCJIS \/ FAVILLE"},"content":{"rendered":"<h4><\/h4>\n<h4>La voce del fuoco, emersa dal fal\u00f2 che brucia nella notte dell\u2019Epifania in un paese nel cuore del Friuli, invita ad ascoltare le storie delle faville che si innalzano ad accendere per un attimo la notte e che ricadono spente, cenere. Una dopo l\u2019altra, le storie raccontano la vita del paese e le gioie e i drammi condivisi. Non compongono un\u2019eco nostalgica del passato, ma, dialogando con la cultura di oggi, spiegano le fondamenta del presente. Diventano le gesta degli avi che, tramandate, trasmettono alla comunit\u00e0 il valore dello stare insieme.<\/h4>\n<p>&nbsp;<\/p>\n","protected":false},"excerpt":{"rendered":"<h4><span style=\"color: #800000;\"><em>STORIIS DI F<span style=\"font-family: Times New Roman, serif;\">\u00db<\/span>C E DI FUM \/ STORIE DI FUOCO E DI FUMO<\/em><\/span><\/h4>\n<p>&nbsp;<\/p>\n<h3>di <strong><a href=\"http:\/\/shop.kappavu.it\/KV\/autori-al\/#cristina-noacco\">CRISTINA NOACCO<\/a><\/strong><\/h3>\n<p><strong>Lizeris, ferbintis, dramatichis, zent\u00eels. Lis conte la v\u00f4s dal f\u00fbc, cun chel so bas busin\u00e2, che se al robe anime al aiar al devente ancje un paur\u00f4s burl\u00e2. Chest al \u00e8 di fat la vite, e somee sugjer\u00ee la nestre fade: il sfland\u00f4r efimar e svelt di une lusigne che si jeve s\u00f9 di tiere, e devente l\u00fbs e po e spar\u00ecs inte cinise. Ma no cence v\u00ea lass\u00e2t alc da\u00fbrsi. La s\u00f4 storie. (de prefazion di Angelo Floramo)<\/strong><\/p>\n<p><strong><em>Leggere, ferventi, drammatiche, gentili. Le racconta la voce del fuoco, con quel suo sommesso busin\u00e2, che se ruba anima al vento diventa anche un pauroso burl\u00e2. Questo \u00e8 infatti la vita, sembra suggerire la nostra incantatrice: lo splendore effimero e veloce di una scintilla che si alza da terra, si fa luce e poi scompare nella cenere. Ma non senza aver lasciato dietro di s\u00e9 qualcosa. La sua storia.\u00a0<\/em><em>(dalla prefazione di Angelo Floramo)<\/em><\/strong><\/p>\n<p><span style=\"color: #800000;\"><strong>TESTO BILINGUE FRIULANO\/ITALIANO<\/strong><\/span><\/p>\n<p>&nbsp;<\/p>\n","protected":false},"featured_media":1447,"comment_status":"open","ping_status":"closed","template":"","meta":[],"product_brand":[],"product_cat":[114,21,18],"product_tag":[481,385,297,459,261,475,260,482,483,478,484,485,486,487,488],"class_list":{"0":"post-1606","1":"product","2":"type-product","3":"status-publish","4":"has-post-thumbnail","6":"product_cat-cristina-noacco","7":"product_cat-friulano","8":"product_cat-narrativa","9":"product_tag-angelo-floramo","10":"product_tag-autrici-friulane","11":"product_tag-cristina-noacco","12":"product_tag-narrativa-friulana","13":"product_tag-raccolta-di-racconti","14":"product_tag-raccolta-di-racconti-brevi","15":"product_tag-racconti-brevi","16":"product_tag-racconti-di-vita-friulana","17":"product_tag-racconti-friulani","18":"product_tag-scrittrici-friulane","19":"product_tag-storie-di-paese","20":"product_tag-storie-friulane","21":"product_tag-storie-sul-fuoco","22":"product_tag-testi-in-friulano","23":"product_tag-traduzioni-in-friulano","25":"first","26":"instock","27":"shipping-taxable","28":"purchasable","29":"product-type-simple","30":"customify-col"},"_links":{"self":[{"href":"https:\/\/shop.kappavu.it\/KV\/wp-json\/wp\/v2\/product\/1606","targetHints":{"allow":["GET"]}}],"collection":[{"href":"https:\/\/shop.kappavu.it\/KV\/wp-json\/wp\/v2\/product"}],"about":[{"href":"https:\/\/shop.kappavu.it\/KV\/wp-json\/wp\/v2\/types\/product"}],"replies":[{"embeddable":true,"href":"https:\/\/shop.kappavu.it\/KV\/wp-json\/wp\/v2\/comments?post=1606"}],"wp:featuredmedia":[{"embeddable":true,"href":"https:\/\/shop.kappavu.it\/KV\/wp-json\/wp\/v2\/media\/1447"}],"wp:attachment":[{"href":"https:\/\/shop.kappavu.it\/KV\/wp-json\/wp\/v2\/media?parent=1606"}],"wp:term":[{"taxonomy":"product_brand","embeddable":true,"href":"https:\/\/shop.kappavu.it\/KV\/wp-json\/wp\/v2\/product_brand?post=1606"},{"taxonomy":"product_cat","embeddable":true,"href":"https:\/\/shop.kappavu.it\/KV\/wp-json\/wp\/v2\/product_cat?post=1606"},{"taxonomy":"product_tag","embeddable":true,"href":"https:\/\/shop.kappavu.it\/KV\/wp-json\/wp\/v2\/product_tag?post=1606"}],"curies":[{"name":"wp","href":"https:\/\/api.w.org\/{rel}","templated":true}]}}

<h4></h4>
<h4>La voce del fuoco, emersa dal falò che brucia nella notte dell’Epifania in un paese nel cuore del Friuli, invita ad ascoltare le storie delle faville che si innalzano ad accendere per un attimo la notte e che ricadono spente, cenere. Una dopo l’altra, le storie raccontano la vita del paese e le gioie e i drammi condivisi. Non compongono un’eco nostalgica del passato, ma, dialogando con la cultura di oggi, spiegano le fondamenta del presente. Diventano le gesta degli avi che, tramandate, trasmettono alla comunità il valore dello stare insieme.</h4>
<p>&nbsp;</p>

<h4><span style="color: #800000;"><em>STORIIS DI F<span style="font-family: Times New Roman, serif;">Û</span>C E DI FUM / STORIE DI FUOCO E DI FUMO</em></span></h4>
<p>&nbsp;</p>
<h3>di <strong><a href="http://shop.kappavu.it/KV/autori-al/#cristina-noacco">CRISTINA NOACCO</a></strong></h3>
<p><strong>Lizeris, ferbintis, dramatichis, zentîls. Lis conte la vôs dal fûc, cun chel so bas businâ, che se al robe anime al aiar al devente ancje un paurôs burlâ. Chest al è di fat la vite, e somee sugjerî la nestre fade: il sflandôr efimar e svelt di une lusigne che si jeve sù di tiere, e devente lûs e po e sparìs inte cinise. Ma no cence vê lassât alc daûrsi. La sô storie. (de prefazion di Angelo Floramo)</strong></p>
<p><strong><em>Leggere, ferventi, drammatiche, gentili. Le racconta la voce del fuoco, con quel suo sommesso businâ, che se ruba anima al vento diventa anche un pauroso burlâ. Questo è infatti la vita, sembra suggerire la nostra incantatrice: lo splendore effimero e veloce di una scintilla che si alza da terra, si fa luce e poi scompare nella cenere. Ma non senza aver lasciato dietro di sé qualcosa. La sua storia. </em><em>(dalla prefazione di Angelo Floramo)</em></strong></p>
<p><span style="color: #800000;"><strong>TESTO BILINGUE FRIULANO/ITALIANO</strong></span></p>
<p>&nbsp;</p>
